{"id":2917,"date":"2024-07-01T22:57:59","date_gmt":"2024-07-01T20:57:59","guid":{"rendered":"http:\/\/store.droneway.ma\/?post_type=product&#038;p=2917"},"modified":"2024-07-01T23:04:03","modified_gmt":"2024-07-01T21:04:03","slug":"mavic-3-pro-cine","status":"publish","type":"product","link":"https:\/\/store.droneway.ma\/index.php\/produit\/mavic-3-pro-cine\/","title":{"rendered":"Mavic 3 Pro &#038; Cin\u00e9"},"content":{"rendered":"<p>Ce drone orient\u00e9 vid\u00e9o vous ravira par toutes ses facult\u00e9s. Il dispose de 3 cam\u00e9ras, un capteur Hasselblad CMOS 4\/3, une t\u00e9l\u00e9cam\u00e9ra de 70 mm et une de 166 mm.<br \/>\nLe drone int\u00e8gre un profil de couleur D-Log M 10 bits qui vous permettra de capturer jusqu&rsquo;\u00e0 un milliard de couleurs. Vous aurez la possibilit\u00e9 de faire des photographies jusqu&rsquo;\u00e0 20 millions de pixels et de filmer en 5.1K jusqu&rsquo;\u00e0 50 ips.<br \/>\nCe DJI Mavic 3 Pro dispose d&rsquo;une excellente autonomie de vol de 43 minutes , ce qui vous permettra de voler plus loin et plus longtemps. Il est \u00e9galement \u00e9quip\u00e9 de la technologie DJI O3+ qui vous offrira une distance de transmission allant jusqu&rsquo;\u00e0 8 km tout en ayant un retour vid\u00e9o sur la radiocommande \u00e0 1080p \u00e0 60 ips.<br \/>\nIl vous offrira une r\u00e9sistance au vent de 12 m\/s ce qui est id\u00e9al pour les tournages o\u00f9 les conditions m\u00e9t\u00e9orologiques sont challengeantes.<br \/>\nVous retrouverez sur ce DJI Mavic 3 Pro diff\u00e9rentes fonctions intelligentes telles que : le Focus Track, le MasterShots, les QuickShots et le Panorama.<\/p>\n<p>La s\u00e9rie DJI Mavic 3 pr\u00e9sente des performances d&rsquo;imagerie de suivi. Le syst\u00e8me de triple cam\u00e9ra de Mavic 3 Pro inaugure une nouvelle \u00e8re de drones de cam\u00e9ra en liant trois capteurs et lentilles avec des distances focales diff\u00e9rentes. \u00c9quip\u00e9 d&rsquo;une cam\u00e9ra Hasselblad et d&rsquo;une double cam\u00e9ra, Mavic 3 Pro est un drone \u00e0 triple cam\u00e9ra qui d\u00e9verrouille de nouvelles perspectives de prise de vue, vous permettant d&#8217;embrasser davantage la libert\u00e9 cr\u00e9ative, de capturer des paysages fascinants, d&rsquo;explorer la narration photographique et de faire des chefs-d&rsquo;\u0153uvre cin\u00e9matographiques.<\/p>\n<p>    4\/3 CMOS Cam\u00e9ra Hasselblad<br \/>\n    Cam\u00e9ras \u00e0 double t\u00e9l\u00e9communications<br \/>\n    Tri-Camera Apple ProRes<br \/>\n    43-Min Temps de vol Max<br \/>\n    D\u00e9tections d&rsquo;obstasures omnidirectionnelles<br \/>\n    15km HD Video Transmission <\/p>\n","protected":false},"excerpt":{"rendered":"<p>La s\u00e9rie DJI Mavic 3 pr\u00e9sente des performances d&rsquo;imagerie de suivi. Le syst\u00e8me de triple cam\u00e9ra de Mavic 3 Pro inaugure une nouvelle \u00e8re de drones de cam\u00e9ra en liant trois capteurs et lentilles avec des distances focales diff\u00e9rentes. \u00c9quip\u00e9 d&rsquo;une cam\u00e9ra Hasselblad et d&rsquo;une double cam\u00e9ra, Mavic 3 Pro est un drone \u00e0 triple cam\u00e9ra qui d\u00e9verrouille de nouvelles perspectives de prise de vue, vous permettant d&#8217;embrasser davantage la libert\u00e9 cr\u00e9ative, de capturer des paysages fascinants, d&rsquo;explorer la narration photographique et de faire des chefs-d&rsquo;\u0153uvre cin\u00e9matographiques.<\/p>\n<p>    4\/3 CMOS Cam\u00e9ra Hasselblad<br \/>\n    Cam\u00e9ras \u00e0 double t\u00e9l\u00e9communications<br \/>\n    Tri-Camera Apple ProRes<br \/>\n    43-Min Temps de vol Max<br \/>\n    D\u00e9tections d&rsquo;obstasures omnidirectionnelles<br \/>\n    15km HD Video Transmission <\/p>\n","protected":false},"featured_media":2918,"template":"","meta":{"content-type":"","rop_custom_images_group":[],"rop_custom_messages_group":[],"rop_publish_now":"initial","rop_publish_now_accounts":[],"rop_publish_now_history":[],"rop_publish_now_status":"pending"},"product_brand":[],"product_cat":[16,73],"product_tag":[],"class_list":{"0":"post-2917","1":"product","2":"type-product","3":"status-publish","4":"has-post-thumbnail","6":"product_cat-dji-mavic","7":"product_cat-mavic-3-pro","9":"first","10":"instock","11":"taxable","12":"shipping-taxable","13":"purchasable","14":"product-type-simple"},"jetpack-related-posts":[{"id":2241,"url":"https:\/\/store.droneway.ma\/index.php\/produit\/dji-goggles-racing-edition-3\/","url_meta":{"origin":2917,"position":0},"title":"DJI Goggles Racing Edition","author":"admin","date":"21 novembre 2020","format":false,"excerpt":"R\u00e9solution d'affichage 3840 x 1080 pixels Optimis\u00e9 pour les drones racer (FPV) Compatible syst\u00e8me de transmission OcuSync Compatible Mavic, Spark, Inspire, Phantom 4...","rel":"","context":"Article similaire","block_context":{"text":"Article similaire","link":""},"img":{"alt_text":"DJI Goggles Racing Edition","src":"https:\/\/i0.wp.com\/store.droneway.ma\/wp-content\/uploads\/2020\/11\/dji-goggles-re-p-image-193061-grande.jpg?resize=350%2C200&ssl=1","width":350,"height":200,"srcset":"https:\/\/i0.wp.com\/store.droneway.ma\/wp-content\/uploads\/2020\/11\/dji-goggles-re-p-image-193061-grande.jpg?resize=350%2C200&ssl=1 1x, https:\/\/i0.wp.com\/store.droneway.ma\/wp-content\/uploads\/2020\/11\/dji-goggles-re-p-image-193061-grande.jpg?resize=525%2C300&ssl=1 1.5x"},"classes":[]},{"id":2065,"url":"https:\/\/store.droneway.ma\/index.php\/produit\/dji-goggles-racing-edition\/","url_meta":{"origin":2917,"position":1},"title":"DJI Goggles Racing Edition","author":"admin","date":"21 novembre 2020","format":false,"excerpt":"R\u00e9solution d'affichage 3840 x 1080 pixels Optimis\u00e9 pour les drones racer (FPV) Compatible syst\u00e8me de transmission OcuSync Compatible Mavic, Spark, Inspire, Phantom 4...","rel":"","context":"Article similaire","block_context":{"text":"Article similaire","link":""},"img":{"alt_text":"DJI Goggles Racing Edition","src":"https:\/\/i0.wp.com\/store.droneway.ma\/wp-content\/uploads\/2020\/11\/dji-goggles-re-p-image-193061-grande.jpg?resize=350%2C200&ssl=1","width":350,"height":200,"srcset":"https:\/\/i0.wp.com\/store.droneway.ma\/wp-content\/uploads\/2020\/11\/dji-goggles-re-p-image-193061-grande.jpg?resize=350%2C200&ssl=1 1x, https:\/\/i0.wp.com\/store.droneway.ma\/wp-content\/uploads\/2020\/11\/dji-goggles-re-p-image-193061-grande.jpg?resize=525%2C300&ssl=1 1.5x"},"classes":[]},{"id":2086,"url":"https:\/\/store.droneway.ma\/index.php\/produit\/dji-goggles-racing-edition-2\/","url_meta":{"origin":2917,"position":2},"title":"DJI Goggles Racing Edition","author":"admin","date":"21 novembre 2020","format":false,"excerpt":"R\u00e9solution d'affichage 3840 x 1080 pixels Optimis\u00e9 pour les drones racer (FPV) Compatible syst\u00e8me de transmission OcuSync Compatible Mavic, Spark, Inspire, Phantom 4...","rel":"","context":"Article similaire","block_context":{"text":"Article similaire","link":""},"img":{"alt_text":"DJI Goggles Racing Edition","src":"https:\/\/i0.wp.com\/store.droneway.ma\/wp-content\/uploads\/2020\/11\/dji-goggles-re-p-image-193061-grande.jpg?resize=350%2C200&ssl=1","width":350,"height":200,"srcset":"https:\/\/i0.wp.com\/store.droneway.ma\/wp-content\/uploads\/2020\/11\/dji-goggles-re-p-image-193061-grande.jpg?resize=350%2C200&ssl=1 1x, https:\/\/i0.wp.com\/store.droneway.ma\/wp-content\/uploads\/2020\/11\/dji-goggles-re-p-image-193061-grande.jpg?resize=525%2C300&ssl=1 1.5x"},"classes":[]},{"id":2261,"url":"https:\/\/store.droneway.ma\/index.php\/produit\/dji-goggles-3\/","url_meta":{"origin":2917,"position":3},"title":"DJI Goggles","author":"admin","date":"21 novembre 2020","format":false,"excerpt":"Retour FULL HD 1080p \u00c9crans 5\" \/ FOV de 85\u00b0 Connectique HDMI 110 millisecondes de latence Compatible Mavic, Inspire, Phantom 4, Spark...","rel":"","context":"Article similaire","block_context":{"text":"Article similaire","link":""},"img":{"alt_text":"DJI Goggles","src":"https:\/\/i0.wp.com\/store.droneway.ma\/wp-content\/uploads\/2020\/11\/casque-dji-goggles-p-image-188044-grande.jpg?resize=350%2C200&ssl=1","width":350,"height":200},"classes":[]},{"id":2165,"url":"https:\/\/store.droneway.ma\/index.php\/produit\/dji-mavic-2-pro\/","url_meta":{"origin":2917,"position":4},"title":"DJI Mavic 2 Pro","author":"admin","date":"21 novembre 2020","format":false,"excerpt":"V\u00e9ritable cam\u00e9ra volante, le DJI Mavic 2 Pro vous permet de filmer jusqu'en 4K 30i\/s avec un d\u00e9bit de 100Mb\/s gr\u00e2ce \u00e0 son capteur 1\" d\u00e9velopp\u00e9 par Hasselblad.","rel":"","context":"Article similaire","block_context":{"text":"Article similaire","link":""},"img":{"alt_text":"DJI Mavic 2 Pro","src":"https:\/\/i0.wp.com\/store.droneway.ma\/wp-content\/uploads\/2020\/11\/dji-mavic-2-pro-p-image-201933-grande.jpg?resize=350%2C200&ssl=1","width":350,"height":200,"srcset":"https:\/\/i0.wp.com\/store.droneway.ma\/wp-content\/uploads\/2020\/11\/dji-mavic-2-pro-p-image-201933-grande.jpg?resize=350%2C200&ssl=1 1x, https:\/\/i0.wp.com\/store.droneway.ma\/wp-content\/uploads\/2020\/11\/dji-mavic-2-pro-p-image-201933-grande.jpg?resize=525%2C300&ssl=1 1.5x, https:\/\/i0.wp.com\/store.droneway.ma\/wp-content\/uploads\/2020\/11\/dji-mavic-2-pro-p-image-201933-grande.jpg?resize=700%2C400&ssl=1 2x"},"classes":[]},{"id":2147,"url":"https:\/\/store.droneway.ma\/index.php\/produit\/dji-mavic-air-2-fly-more-combo\/","url_meta":{"origin":2917,"position":5},"title":"DJI Mavic Air 2 Fly More Combo","author":"admin","date":"21 novembre 2020","format":false,"excerpt":"Version Fly More Combo : plus d'accessoires H\u00e9lices et batteries suppl\u00e9mentaires Autonomie totale de 102 minutes Chargeur triple et adaptateur batterie externe inclus inclus Sac bandouli\u00e8re pour contenir le drone et ses accessoires Set de filtres ND inclus pour am\u00e9liorer les prises de vue par temps tr\u00e8s ensoleill\u00e9","rel":"","context":"Article similaire","block_context":{"text":"Article similaire","link":""},"img":{"alt_text":"DJI Mavic Air 2 Fly More Combo","src":"https:\/\/i0.wp.com\/store.droneway.ma\/wp-content\/uploads\/2020\/11\/dji-mavic-air-2-fly-more-combo-p-image-217461-grande.jpg?resize=350%2C200&ssl=1","width":350,"height":200,"srcset":"https:\/\/i0.wp.com\/store.droneway.ma\/wp-content\/uploads\/2020\/11\/dji-mavic-air-2-fly-more-combo-p-image-217461-grande.jpg?resize=350%2C200&ssl=1 1x, https:\/\/i0.wp.com\/store.droneway.ma\/wp-content\/uploads\/2020\/11\/dji-mavic-air-2-fly-more-combo-p-image-217461-grande.jpg?resize=525%2C300&ssl=1 1.5x, https:\/\/i0.wp.com\/store.droneway.ma\/wp-content\/uploads\/2020\/11\/dji-mavic-air-2-fly-more-combo-p-image-217461-grande.jpg?resize=700%2C400&ssl=1 2x"},"classes":[]}],"jetpack_sharing_enabled":true,"_links":{"self":[{"href":"https:\/\/store.droneway.ma\/index.php\/wp-json\/wp\/v2\/product\/2917","targetHints":{"allow":["GET"]}}],"collection":[{"href":"https:\/\/store.droneway.ma\/index.php\/wp-json\/wp\/v2\/product"}],"about":[{"href":"https:\/\/store.droneway.ma\/index.php\/wp-json\/wp\/v2\/types\/product"}],"wp:featuredmedia":[{"embeddable":true,"href":"https:\/\/store.droneway.ma\/index.php\/wp-json\/wp\/v2\/media\/2918"}],"wp:attachment":[{"href":"https:\/\/store.droneway.ma\/index.php\/wp-json\/wp\/v2\/media?parent=2917"}],"wp:term":[{"taxonomy":"product_brand","embeddable":true,"href":"https:\/\/store.droneway.ma\/index.php\/wp-json\/wp\/v2\/product_brand?post=2917"},{"taxonomy":"product_cat","embeddable":true,"href":"https:\/\/store.droneway.ma\/index.php\/wp-json\/wp\/v2\/product_cat?post=2917"},{"taxonomy":"product_tag","embeddable":true,"href":"https:\/\/store.droneway.ma\/index.php\/wp-json\/wp\/v2\/product_tag?post=2917"}],"curies":[{"name":"wp","href":"https:\/\/api.w.org\/{rel}","templated":true}]}}