{"id":2819,"date":"2023-03-13T13:42:26","date_gmt":"2023-03-13T12:42:26","guid":{"rendered":"http:\/\/store.droneway.ma\/?post_type=product&#038;p=2819"},"modified":"2024-07-01T22:16:43","modified_gmt":"2024-07-01T20:16:43","slug":"agras-t40","status":"publish","type":"product","link":"https:\/\/store.droneway.ma\/index.php\/produit\/agras-t40\/","title":{"rendered":"Agras T40"},"content":{"rendered":"<p>    22 hectares par heure de vol<br \/>\n    40 litres r\u00e9servoir de pulv\u00e9risation<br \/>\n    de 12 m\u00e9gapixels Appareil photo r\u00e9glable<br \/>\n    11 m  Bande (largeur de pulv\u00e9risation)<br \/>\n    Buses centrifuges<br \/>\n    Double rotor coaxial<\/p>\n<p>Le drone pulv\u00e9risateur DJI Agras T40 pulv\u00e9rise jusqu&rsquo;\u00e0 22 hectares en une heure de vol. Ce drone a quatre bras ; cependant, sur chaque bras, il y a deux moteurs et deux paires d&rsquo;h\u00e9lices (accessoires de 54 pouces). <\/p>\n<p>Capacit\u00e9 de charge utile<\/p>\n<p>Le DJI Agras T40 a une charge utile liquide de 40 litres (10,56 gallons). Le r\u00e9servoir peut contenir des pesticides, des herbicides, des fongicides et d&rsquo;autres produits chimiques liquides. La plupart des utilisateurs de drones pulv\u00e9risateurs Agras pulv\u00e9risent entre 1 et 5 gallons par acre, ce qui est un mat\u00e9riau beaucoup plus concentr\u00e9 utilis\u00e9 dans les applications au sol. Si vous pulv\u00e9risez 2 gallons par acre, le r\u00e9servoir DJI Agras T40 peut contenir suffisamment de liquide pour pulv\u00e9riser jusqu&rsquo;\u00e0 cinq acres en un seul vol.<br \/>\nBuses centrifuges \u00e0 double atomisation<\/p>\n<p>Les toutes nouvelles buses centrifuges \u00e0 double atomisation ont deux centrifugeuses qui rendent les gouttelettes plus uniformes en taille, \u00e9vitent les \u00e9claboussures et les gouttes, et emp\u00eachent le colmatage lors de la pulv\u00e9risation de produits chimiques \u00e0 base de poudre. <\/p>\n","protected":false},"excerpt":{"rendered":"<p>22 hectares par heure de vol 40 litres r\u00e9servoir de pulv\u00e9risation de 12 m\u00e9gapixels Appareil photo r\u00e9glable 11 m Bande&hellip;<\/p>\n","protected":false},"featured_media":2826,"template":"","meta":{"content-type":"","rop_custom_images_group":[],"rop_custom_messages_group":[],"rop_publish_now":"initial","rop_publish_now_accounts":[],"rop_publish_now_history":[],"rop_publish_now_status":"pending"},"product_brand":[],"product_cat":[29,42],"product_tag":[],"class_list":{"0":"post-2819","1":"product","2":"type-product","3":"status-publish","4":"has-post-thumbnail","6":"product_cat-dji-agras","7":"product_cat-agras","9":"first","10":"instock","11":"purchasable","12":"product-type-simple"},"jetpack-related-posts":[{"id":2894,"url":"https:\/\/store.droneway.ma\/index.php\/produit\/agras-t50-t25\/","url_meta":{"origin":2819,"position":0},"title":"Agras T50 &#8211; T25","author":"admin","date":"1 juillet 2024","format":false,"excerpt":"DJI AGRAS T50 \u00e9l\u00e8ve les op\u00e9rations agricoles de drones \u00e0 de nouveaux sommets. Il h\u00e9rite d'un puissant syst\u00e8me de propulsion coaxial bi-rotor et d'une structure r\u00e9sistante au couple de type divis\u00e9 pour la stabilit\u00e9 de niveau suivant lorsqu'il transporte des charges utiles de pulv\u00e9risation de 40 kg. DJI AGRAS T50\u2026","rel":"","context":"Article similaire","block_context":{"text":"Article similaire","link":""},"img":{"alt_text":"Agras-T50-T25","src":"https:\/\/i0.wp.com\/store.droneway.ma\/wp-content\/uploads\/2024\/07\/Agras-T50-pack.jpg?resize=350%2C200&ssl=1","width":350,"height":200,"srcset":"https:\/\/i0.wp.com\/store.droneway.ma\/wp-content\/uploads\/2024\/07\/Agras-T50-pack.jpg?resize=350%2C200&ssl=1 1x, https:\/\/i0.wp.com\/store.droneway.ma\/wp-content\/uploads\/2024\/07\/Agras-T50-pack.jpg?resize=525%2C300&ssl=1 1.5x, https:\/\/i0.wp.com\/store.droneway.ma\/wp-content\/uploads\/2024\/07\/Agras-T50-pack.jpg?resize=700%2C400&ssl=1 2x"},"classes":[]},{"id":2049,"url":"https:\/\/store.droneway.ma\/index.php\/produit\/batterie-dji-pour-wind-series-et-agras-mg-1\/","url_meta":{"origin":2819,"position":1},"title":"Batterie DJI pour Wind series et Agras MG-1","author":"admin","date":"21 novembre 2020","format":false,"excerpt":"Batterie intelligente DJI Grande capacit\u00e9 12000 mAh","rel":"","context":"Article similaire","block_context":{"text":"Article similaire","link":""},"img":{"alt_text":"Batterie DJI pour Wind series et Agras MG-1","src":"https:\/\/i0.wp.com\/store.droneway.ma\/wp-content\/uploads\/2020\/11\/batterie-dji-pour-wind-et-agras-mg-1-p-image-200025-grande.jpg?resize=350%2C200&ssl=1","width":350,"height":200},"classes":[]},{"id":2053,"url":"https:\/\/store.droneway.ma\/index.php\/produit\/station-mobile-dji-d-rtk-gnss-pour-dji-agras-mg-1p-avec-trepied\/","url_meta":{"origin":2819,"position":2},"title":"Station mobile DJI D-RTK GNSS pour DJI Agras MG-1P (avec tr\u00e9pied)","author":"admin","date":"21 novembre 2020","format":false,"excerpt":"RTK Handheld pour Agras MG-1P RTK Positionnement centim\u00e9trique Version avec tr\u00e9pied","rel":"","context":"Article similaire","block_context":{"text":"Article similaire","link":""},"img":{"alt_text":"Station mobile DJI D-RTK GNSS pour DJI Agras MG-1P (avec tr\u00e9pied)","src":"https:\/\/i0.wp.com\/store.droneway.ma\/wp-content\/uploads\/2020\/11\/mg-1p-rtk-ground-station-p-image-209730-grande.jpg?resize=350%2C200&ssl=1","width":350,"height":200},"classes":[]},{"id":2052,"url":"https:\/\/store.droneway.ma\/index.php\/produit\/station-mobile-dji-d-rtk-haute-precision-gnss-pour-dji-agras-mg-1p\/","url_meta":{"origin":2819,"position":3},"title":"Station mobile DJI D-RTK haute pr\u00e9cision GNSS pour DJI Agras MG-1P","author":"admin","date":"21 novembre 2020","format":false,"excerpt":"RTK Handheld pour Agras MG-1P RTK Positionnement centim\u00e9trique","rel":"","context":"Article similaire","block_context":{"text":"Article similaire","link":""},"img":{"alt_text":"Station mobile DJI D-RTK haute pr\u00e9cision GNSS pour DJI Agras MG-1P","src":"https:\/\/i0.wp.com\/store.droneway.ma\/wp-content\/uploads\/2020\/11\/dji-mg-1p-rtk-handheld-p-image-209726-grande.jpg?resize=350%2C200&ssl=1","width":350,"height":200},"classes":[]},{"id":2055,"url":"https:\/\/store.droneway.ma\/index.php\/produit\/dji-agras-t16\/","url_meta":{"origin":2819,"position":4},"title":"DJI Agras T16","author":"admin","date":"21 novembre 2020","format":false,"excerpt":"Drone DJI agricole optimis\u00e9 pour des performances in\u00e9gal\u00e9es Double IMU et redondance GNSS+RTK et barom\u00e8tre D\u00e9tection de l'environnement et suivi de terrain \u00c9tanch\u00e9it\u00e9 IP67 pour le module de base RTK pour une pr\u00e9cision centim\u00e9trique Cam\u00e9ra FPV grand angle Intelligence artificielle Grande charge : 16L","rel":"","context":"Article similaire","block_context":{"text":"Article similaire","link":""},"img":{"alt_text":"DJI Agras T16","src":"https:\/\/i0.wp.com\/store.droneway.ma\/wp-content\/uploads\/2020\/11\/dji-agras-t16-p-image-213010-grande.jpg?resize=350%2C200&ssl=1","width":350,"height":200,"srcset":"https:\/\/i0.wp.com\/store.droneway.ma\/wp-content\/uploads\/2020\/11\/dji-agras-t16-p-image-213010-grande.jpg?resize=350%2C200&ssl=1 1x, https:\/\/i0.wp.com\/store.droneway.ma\/wp-content\/uploads\/2020\/11\/dji-agras-t16-p-image-213010-grande.jpg?resize=525%2C300&ssl=1 1.5x, https:\/\/i0.wp.com\/store.droneway.ma\/wp-content\/uploads\/2020\/11\/dji-agras-t16-p-image-213010-grande.jpg?resize=700%2C400&ssl=1 2x"},"classes":[]},{"id":2051,"url":"https:\/\/store.droneway.ma\/index.php\/produit\/dji-agras-mg-1p\/","url_meta":{"origin":2819,"position":5},"title":"DJI Agras MG-1P","author":"admin","date":"21 novembre 2020","format":false,"excerpt":"Drone de pr\u00e9cision pour agriculture de pr\u00e9cision Nombreux capteurs pour une s\u00e9curit\u00e9 accrue Contr\u00f4le sur une distance de 3 km Application MG v2.0","rel":"","context":"Article similaire","block_context":{"text":"Article similaire","link":""},"img":{"alt_text":"DJI Agras MG-1P","src":"https:\/\/i0.wp.com\/store.droneway.ma\/wp-content\/uploads\/2020\/11\/dji-agras-mg-1p-p-image-209677-grande.jpg?resize=350%2C200&ssl=1","width":350,"height":200},"classes":[]}],"jetpack_sharing_enabled":true,"_links":{"self":[{"href":"https:\/\/store.droneway.ma\/index.php\/wp-json\/wp\/v2\/product\/2819","targetHints":{"allow":["GET"]}}],"collection":[{"href":"https:\/\/store.droneway.ma\/index.php\/wp-json\/wp\/v2\/product"}],"about":[{"href":"https:\/\/store.droneway.ma\/index.php\/wp-json\/wp\/v2\/types\/product"}],"wp:featuredmedia":[{"embeddable":true,"href":"https:\/\/store.droneway.ma\/index.php\/wp-json\/wp\/v2\/media\/2826"}],"wp:attachment":[{"href":"https:\/\/store.droneway.ma\/index.php\/wp-json\/wp\/v2\/media?parent=2819"}],"wp:term":[{"taxonomy":"product_brand","embeddable":true,"href":"https:\/\/store.droneway.ma\/index.php\/wp-json\/wp\/v2\/product_brand?post=2819"},{"taxonomy":"product_cat","embeddable":true,"href":"https:\/\/store.droneway.ma\/index.php\/wp-json\/wp\/v2\/product_cat?post=2819"},{"taxonomy":"product_tag","embeddable":true,"href":"https:\/\/store.droneway.ma\/index.php\/wp-json\/wp\/v2\/product_tag?post=2819"}],"curies":[{"name":"wp","href":"https:\/\/api.w.org\/{rel}","templated":true}]}}