{"id":2508,"date":"2020-11-21T19:14:54","date_gmt":"2020-11-21T18:14:54","guid":{"rendered":"http:\/\/store.droneway.ma\/index.php\/produit\/dji-force-pro\/"},"modified":"2020-11-21T19:15:10","modified_gmt":"2020-11-21T18:15:10","slug":"dji-force-pro","status":"publish","type":"product","link":"https:\/\/store.droneway.ma\/index.php\/produit\/dji-force-pro\/","title":{"rendered":"DJI Force Pro"},"content":{"rendered":"<p>Contr\u00f4lez, r\u00e9glez, ajustez ! Le nouvel accessoire DJI Force Pro va vous permettre de contr\u00f4ler \u00e0 distance et avec pr\u00e9cision votre DJI Ronin 2 ou encore Ronin-S.  Le Force Pro vous donne acc\u00e8s \u00e0 de multiples r\u00e9glages avanc\u00e9s gr\u00e2ce \u00e0 l&rsquo;\u00e9cran OLED int\u00e9gr\u00e9 et via les 4 boutons de contr\u00f4le. Des molettes sont pr\u00e9sentes pour g\u00e9rer l&rsquo;inclinaison de chaque axe (pan, tilt, roll).  La t\u00e9l\u00e9commande DJI Force Pro se distingue par sa fonction \u00ab\u00a0Motion Control\u00a0\u00bb permettant au stabilisateur de retranscrire les mouvements de l&rsquo;op\u00e9rateur.  Note : pour une utilisation avec le DJI Ronin-S le c\u00e2ble CAN pour Ronin-MX et Ronin-S est n\u00e9cessaire.<\/p>\n","protected":false},"excerpt":{"rendered":"<p>Contr\u00f4le \u00e0 distance du DJI Ronin (30 m\u00e8tres)  Latence en dessous de 10ms  Transmission sans fil 2.4GHz ou 5.8GHz  Motion Control (contr\u00f4le des mouvements \u00e0 distance)  Ecran OLED int\u00e9gr\u00e9 et boutons de contr\u00f4le<\/p>\n","protected":false},"featured_media":2509,"template":"","meta":{"content-type":"","rop_custom_images_group":[],"rop_custom_messages_group":[],"rop_publish_now":"initial","rop_publish_now_accounts":[],"rop_publish_now_history":[],"rop_publish_now_status":"pending"},"product_brand":[],"product_cat":[17,44],"product_tag":[],"class_list":{"0":"post-2508","1":"product","2":"type-product","3":"status-publish","4":"has-post-thumbnail","6":"product_cat-ronin","7":"product_cat-ronin-ronin","9":"first","10":"instock","11":"purchasable","12":"product-type-simple"},"jetpack-related-posts":[{"id":2512,"url":"https:\/\/store.droneway.ma\/index.php\/produit\/dji-master-wheels\/","url_meta":{"origin":2508,"position":0},"title":"DJI Master Wheels","author":"admin","date":"21 novembre 2020","format":false,"excerpt":"3 manivelles pour contr\u00f4ler les moteurs (selon mod\u00e8le choisi) Compatible DJI Ronin 2 \/ Ronin-S Transmission sans fil (latence","rel":"","context":"Article similaire","block_context":{"text":"Article similaire","link":""},"img":{"alt_text":"DJI Master Wheels","src":"https:\/\/i0.wp.com\/store.droneway.ma\/wp-content\/uploads\/2020\/11\/DJI-Master-Wheels.jpg?resize=350%2C200&ssl=1","width":350,"height":200},"classes":[]},{"id":2479,"url":"https:\/\/store.droneway.ma\/index.php\/produit\/dji-ronin-sc\/","url_meta":{"origin":2508,"position":1},"title":"DJI Ronin-SC","author":"admin","date":"21 novembre 2020","format":false,"excerpt":"Stabilisateur DJI Ronin SC 3 axes plus l\u00e9ger, plus compact et ultra performant\u00a0 Compatible avec les appareils DSLR et mirrorless jusqu\u2019\u00e0 2 kg Fonctions Motionlapse \/ Activetrack 3.0 \/ CamAnchor\u2026 Structure en deux parties avec nacelle d\u00e9tachable Commandes de contr\u00f4le int\u00e9gr\u00e9es au manche Technologie SmoothTrack\u00a0 et Mode sport Nombreux accessoires\u2026","rel":"","context":"Article similaire","block_context":{"text":"Article similaire","link":""},"img":{"alt_text":"DJI Ronin-SC","src":"https:\/\/i0.wp.com\/store.droneway.ma\/wp-content\/uploads\/2020\/11\/dji-ronin-sc-p-image-210759-grande.jpg?resize=350%2C200&ssl=1","width":350,"height":200,"srcset":"https:\/\/i0.wp.com\/store.droneway.ma\/wp-content\/uploads\/2020\/11\/dji-ronin-sc-p-image-210759-grande.jpg?resize=350%2C200&ssl=1 1x, https:\/\/i0.wp.com\/store.droneway.ma\/wp-content\/uploads\/2020\/11\/dji-ronin-sc-p-image-210759-grande.jpg?resize=525%2C300&ssl=1 1.5x, https:\/\/i0.wp.com\/store.droneway.ma\/wp-content\/uploads\/2020\/11\/dji-ronin-sc-p-image-210759-grande.jpg?resize=700%2C400&ssl=1 2x"},"classes":[]},{"id":2504,"url":"https:\/\/store.droneway.ma\/index.php\/produit\/dji-focus-wheel-pour-dji-ronin-s-sc\/","url_meta":{"origin":2508,"position":2},"title":"DJI Focus Wheel pour DJI Ronin-S\/SC","author":"admin","date":"21 novembre 2020","format":false,"excerpt":"Utilisez le DJI Focus Wheel sur le Ronin-S\/SC Meilleur contr\u00f4le de la mise au point Installation Plug & Play","rel":"","context":"Article similaire","block_context":{"text":"Article similaire","link":""},"img":{"alt_text":"DJI Focus Wheel pour DJI Ronin-S\/SC","src":"https:\/\/i0.wp.com\/store.droneway.ma\/wp-content\/uploads\/2020\/11\/DJI-Focus-Wheel-pour-DJI-Ronin-SSC.jpg?resize=350%2C200&ssl=1","width":350,"height":200},"classes":[]},{"id":2500,"url":"https:\/\/store.droneway.ma\/index.php\/produit\/moteur-focus-pour-ronin-sc-dji\/","url_meta":{"origin":2508,"position":3},"title":"Moteur Focus pour Ronin-SC &#8211; DJI","author":"admin","date":"21 novembre 2020","format":false,"excerpt":"Moteur Focus con\u00e7u pour le stabilisateur DJI Ronin-SC Permet de contr\u00f4ler avec pr\u00e9cision la mise au point Installation rapide et ais\u00e9e Supports d'installation fournis (courroie, tube etc...)","rel":"","context":"Article similaire","block_context":{"text":"Article similaire","link":""},"img":{"alt_text":"Moteur Focus pour Ronin-SC - DJI","src":"https:\/\/i0.wp.com\/store.droneway.ma\/wp-content\/uploads\/2020\/11\/Moteur-Focus-pour-Ronin-SC-DJI.jpg?resize=350%2C200&ssl=1","width":350,"height":200},"classes":[]},{"id":2485,"url":"https:\/\/store.droneway.ma\/index.php\/produit\/batterie-tb50-4280-mah-pour-dji-inspire-2-ronin-2-2\/","url_meta":{"origin":2508,"position":4},"title":"Batterie TB50 4280 mAh pour DJI Inspire 2 &#038; Ronin 2","author":"admin","date":"21 novembre 2020","format":false,"excerpt":"Syst\u00e8me d'auto-chauffage \u00e0 5\u00b0C Redondance de l'alimentation DJI GO : gestion intelligente Compatible DJI Inspire 2 & Ronin 2","rel":"","context":"Article similaire","block_context":{"text":"Article similaire","link":""},"img":{"alt_text":"Batterie TB50 4280 mAh pour DJI Inspire 2 & Ronin 2","src":"https:\/\/i0.wp.com\/store.droneway.ma\/wp-content\/uploads\/2020\/11\/batterie-tb50-4280-mah-pour-dji-inspire-2-p-image-183804-grande.jpg?resize=350%2C200&ssl=1","width":350,"height":200},"classes":[]},{"id":2076,"url":"https:\/\/store.droneway.ma\/index.php\/produit\/batterie-tb50-4280-mah-pour-dji-inspire-2-ronin-2\/","url_meta":{"origin":2508,"position":5},"title":"Batterie TB50 4280 mAh pour DJI Inspire 2 &#038; Ronin 2","author":"admin","date":"21 novembre 2020","format":false,"excerpt":"Syst\u00e8me d'auto-chauffage \u00e0 5\u00b0C Redondance de l'alimentation DJI GO : gestion intelligente Compatible DJI Inspire 2 & Ronin 2","rel":"","context":"Article similaire","block_context":{"text":"Article similaire","link":""},"img":{"alt_text":"Batterie TB50 4280 mAh pour DJI Inspire 2 & Ronin 2","src":"https:\/\/i0.wp.com\/store.droneway.ma\/wp-content\/uploads\/2020\/11\/batterie-tb50-4280-mah-pour-dji-inspire-2-p-image-183804-grande.jpg?resize=350%2C200&ssl=1","width":350,"height":200},"classes":[]}],"jetpack_sharing_enabled":true,"_links":{"self":[{"href":"https:\/\/store.droneway.ma\/index.php\/wp-json\/wp\/v2\/product\/2508","targetHints":{"allow":["GET"]}}],"collection":[{"href":"https:\/\/store.droneway.ma\/index.php\/wp-json\/wp\/v2\/product"}],"about":[{"href":"https:\/\/store.droneway.ma\/index.php\/wp-json\/wp\/v2\/types\/product"}],"wp:featuredmedia":[{"embeddable":true,"href":"https:\/\/store.droneway.ma\/index.php\/wp-json\/wp\/v2\/media\/2509"}],"wp:attachment":[{"href":"https:\/\/store.droneway.ma\/index.php\/wp-json\/wp\/v2\/media?parent=2508"}],"wp:term":[{"taxonomy":"product_brand","embeddable":true,"href":"https:\/\/store.droneway.ma\/index.php\/wp-json\/wp\/v2\/product_brand?post=2508"},{"taxonomy":"product_cat","embeddable":true,"href":"https:\/\/store.droneway.ma\/index.php\/wp-json\/wp\/v2\/product_cat?post=2508"},{"taxonomy":"product_tag","embeddable":true,"href":"https:\/\/store.droneway.ma\/index.php\/wp-json\/wp\/v2\/product_tag?post=2508"}],"curies":[{"name":"wp","href":"https:\/\/api.w.org\/{rel}","templated":true}]}}