{"id":2440,"date":"2020-11-21T19:13:57","date_gmt":"2020-11-21T18:13:57","guid":{"rendered":"http:\/\/store.droneway.ma\/index.php\/produit\/dji-phantom-4-multispectral\/"},"modified":"2020-11-21T19:14:04","modified_gmt":"2020-11-21T18:14:04","slug":"dji-phantom-4-multispectral","status":"publish","type":"product","link":"https:\/\/store.droneway.ma\/index.php\/produit\/dji-phantom-4-multispectral\/","title":{"rendered":"DJI Phantom 4 Multispectral"},"content":{"rendered":"<p>DJI nous propose une version multispectrale de son d\u00e9sormais c\u00e9l\u00e8bre DJI Phantom 4 !<\/p>\n","protected":false},"excerpt":{"rendered":"<p>Con\u00e7u pour l&rsquo;agriculture et la surveillance environnementale, ce drone professionnel poss\u00e8de 6 capteurs qui permettent de mesurer la sant\u00e9 des cultures, des plantes en passant par les mauvaises herbes et d&rsquo;apporter de nombreuses donn\u00e9es sur les conditions du sol.<\/p>\n","protected":false},"featured_media":2441,"template":"","meta":{"content-type":"","rop_custom_images_group":[],"rop_custom_messages_group":[],"rop_publish_now":"initial","rop_publish_now_accounts":[],"rop_publish_now_history":[],"rop_publish_now_status":"pending"},"product_brand":[],"product_cat":[22,64],"product_tag":[],"class_list":{"0":"post-2440","1":"product","2":"type-product","3":"status-publish","4":"has-post-thumbnail","6":"product_cat-dji-phantom","7":"product_cat-phantom-4-m","9":"first","10":"instock","11":"purchasable","12":"product-type-simple"},"jetpack-related-posts":[{"id":2436,"url":"https:\/\/store.droneway.ma\/index.php\/produit\/dji-phantom-4-multispectral-base-d-rtk-2\/","url_meta":{"origin":2440,"position":0},"title":"DJI Phantom 4 Multispectral + base D-RTK 2","author":"admin","date":"21 novembre 2020","format":false,"excerpt":"Le Phantom 4 Multispectral est un drone capable d\u2019analyser avec pr\u00e9cision l\u2019\u00e9tat de vos cultures. Ce module multispectral regroupe six capteurs distincts pour mesurer dans les meilleures conditions la sant\u00e9 des cultures sur de grandes zones, tout en d\u00e9tectant les mauvaises herbes mais aussi les insectes et certaines conditions de\u2026","rel":"","context":"Article similaire","block_context":{"text":"Article similaire","link":""},"img":{"alt_text":"DJI Phantom 4 Multispectral + base D-RTK 2","src":"https:\/\/i0.wp.com\/store.droneway.ma\/wp-content\/uploads\/2020\/11\/DJI-Phantom-4-Multispectral-base-D-RTK-2.jpg?resize=350%2C200&ssl=1","width":350,"height":200,"srcset":"https:\/\/i0.wp.com\/store.droneway.ma\/wp-content\/uploads\/2020\/11\/DJI-Phantom-4-Multispectral-base-D-RTK-2.jpg?resize=350%2C200&ssl=1 1x, https:\/\/i0.wp.com\/store.droneway.ma\/wp-content\/uploads\/2020\/11\/DJI-Phantom-4-Multispectral-base-D-RTK-2.jpg?resize=525%2C300&ssl=1 1.5x, https:\/\/i0.wp.com\/store.droneway.ma\/wp-content\/uploads\/2020\/11\/DJI-Phantom-4-Multispectral-base-D-RTK-2.jpg?resize=700%2C400&ssl=1 2x"},"classes":[]},{"id":2829,"url":"https:\/\/store.droneway.ma\/index.php\/produit\/mavic-3-mutlispectral\/","url_meta":{"origin":2440,"position":1},"title":"Mavic 3 Mutlispectral","author":"admin","date":"13 mars 2023","format":false,"excerpt":"Le DJI Mavic 3M Multispectral RTK Fly More Combo est un pack sp\u00e9cial int\u00e9grant le drone professionnel DJI M3M, con\u00e7u pour l\u2019agriculture et l\u2019environnement. La principale application de ce drone est la prise de vue multispectrale, ce qu'il parvient \u00e0 r\u00e9aliser \u00e0 l\u2019aide d\u2019une cam\u00e9ra multispectrale constitu\u00e9e de 4 capteurs\u2026","rel":"","context":"Article similaire","block_context":{"text":"Article similaire","link":""},"img":{"alt_text":"","src":"https:\/\/i0.wp.com\/store.droneway.ma\/wp-content\/uploads\/2023\/03\/mavic-3-m.png?resize=350%2C200&ssl=1","width":350,"height":200,"srcset":"https:\/\/i0.wp.com\/store.droneway.ma\/wp-content\/uploads\/2023\/03\/mavic-3-m.png?resize=350%2C200&ssl=1 1x, https:\/\/i0.wp.com\/store.droneway.ma\/wp-content\/uploads\/2023\/03\/mavic-3-m.png?resize=525%2C300&ssl=1 1.5x, https:\/\/i0.wp.com\/store.droneway.ma\/wp-content\/uploads\/2023\/03\/mavic-3-m.png?resize=700%2C400&ssl=1 2x, https:\/\/i0.wp.com\/store.droneway.ma\/wp-content\/uploads\/2023\/03\/mavic-3-m.png?resize=1050%2C600&ssl=1 3x"},"classes":[]},{"id":2416,"url":"https:\/\/store.droneway.ma\/index.php\/produit\/dji-phantom-4-pro-pro-v2-homologue-s1-s2-s3\/","url_meta":{"origin":2440,"position":2},"title":"DJI Phantom 4 Pro \/ Pro + V2 homologu\u00e9 S1, S2 &#038; S3","author":"admin","date":"21 novembre 2020","format":false,"excerpt":"Le DJI Phantom 4 Pro \/ Pro + V2 homologu\u00e9 dispose d'une cam\u00e9ra 4K @60ims, d'une radiocommande plus compacte et g\u00e8re la d\u00e9tection d'obstacles sur 360\u00b0. Le DJI Phantom 4 Pro \/ Pro + V2 homologu\u00e9 reprend les caract\u00e9ristiques de son pr\u00e9d\u00e9cesseur et les am\u00e9liore encore un peu plus. Deux\u2026","rel":"","context":"Article similaire","block_context":{"text":"Article similaire","link":""},"img":{"alt_text":"DJI Phantom 4 Pro \/ Pro + V2 homologu\u00e9 S1","src":"https:\/\/i0.wp.com\/store.droneway.ma\/wp-content\/uploads\/2020\/11\/DJI-Phantom-4-Pro-Pro-V2-homologue-S1-S2-S3.jpg?resize=350%2C200&ssl=1","width":350,"height":200,"srcset":"https:\/\/i0.wp.com\/store.droneway.ma\/wp-content\/uploads\/2020\/11\/DJI-Phantom-4-Pro-Pro-V2-homologue-S1-S2-S3.jpg?resize=350%2C200&ssl=1 1x, https:\/\/i0.wp.com\/store.droneway.ma\/wp-content\/uploads\/2020\/11\/DJI-Phantom-4-Pro-Pro-V2-homologue-S1-S2-S3.jpg?resize=525%2C300&ssl=1 1.5x, https:\/\/i0.wp.com\/store.droneway.ma\/wp-content\/uploads\/2020\/11\/DJI-Phantom-4-Pro-Pro-V2-homologue-S1-S2-S3.jpg?resize=700%2C400&ssl=1 2x"},"classes":[]},{"id":2424,"url":"https:\/\/store.droneway.ma\/index.php\/produit\/dji-phantom-4-rtk-sdk\/","url_meta":{"origin":2440,"position":3},"title":"DJI Phantom 4 RTK SDK","author":"admin","date":"21 novembre 2020","format":false,"excerpt":"Il poss\u00e8de les m\u00eames caract\u00e9ristiques que le Phantom 4 RTK mais avec un aspect Open Source in\u00e9dit qui permettra aux professionnels de porter des projets complexes sur ce drone DJI, tout en conservant l\u2019extr\u00eame fiabilit\u00e9 des produits de cette marque embl\u00e9matique.","rel":"","context":"Article similaire","block_context":{"text":"Article similaire","link":""},"img":{"alt_text":"DJI Phantom 4 RTK SDK","src":"https:\/\/i0.wp.com\/store.droneway.ma\/wp-content\/uploads\/2020\/11\/DJI-Phantom-4-RTK-SDK.jpg?resize=350%2C200&ssl=1","width":350,"height":200,"srcset":"https:\/\/i0.wp.com\/store.droneway.ma\/wp-content\/uploads\/2020\/11\/DJI-Phantom-4-RTK-SDK.jpg?resize=350%2C200&ssl=1 1x, https:\/\/i0.wp.com\/store.droneway.ma\/wp-content\/uploads\/2020\/11\/DJI-Phantom-4-RTK-SDK.jpg?resize=525%2C300&ssl=1 1.5x"},"classes":[]},{"id":2419,"url":"https:\/\/store.droneway.ma\/index.php\/produit\/dji-phantom-4-pro-v2-avec-ecran\/","url_meta":{"origin":2440,"position":4},"title":"DJI Phantom 4 Pro+ V2 (avec \u00e9cran)","author":"admin","date":"21 novembre 2020","format":false,"excerpt":"Nota : Les applications tierces comme Pix4Dcapture ne sont pas compatibles avec le Phantom 4 Pro+ V2","rel":"","context":"Article similaire","block_context":{"text":"Article similaire","link":""},"img":{"alt_text":"DJI Phantom 4 Pro+ V2 (avec \u00e9cran)","src":"https:\/\/i0.wp.com\/store.droneway.ma\/wp-content\/uploads\/2020\/11\/DJI-Phantom-4-Pro-V2-avec-ecran.jpg?resize=350%2C200&ssl=1","width":350,"height":200,"srcset":"https:\/\/i0.wp.com\/store.droneway.ma\/wp-content\/uploads\/2020\/11\/DJI-Phantom-4-Pro-V2-avec-ecran.jpg?resize=350%2C200&ssl=1 1x, https:\/\/i0.wp.com\/store.droneway.ma\/wp-content\/uploads\/2020\/11\/DJI-Phantom-4-Pro-V2-avec-ecran.jpg?resize=525%2C300&ssl=1 1.5x, https:\/\/i0.wp.com\/store.droneway.ma\/wp-content\/uploads\/2020\/11\/DJI-Phantom-4-Pro-V2-avec-ecran.jpg?resize=700%2C400&ssl=1 2x"},"classes":[]},{"id":2450,"url":"https:\/\/store.droneway.ma\/index.php\/produit\/chargeur-multiple-pour-dji-phantom-4\/","url_meta":{"origin":2440,"position":5},"title":"Chargeur multiple pour DJI Phantom 4","author":"admin","date":"21 novembre 2020","format":false,"excerpt":"Recharge 3 batteries + radio + smartphone Syst\u00e8me intelligent int\u00e9gr\u00e9 Recharge rapide","rel":"","context":"Article similaire","block_context":{"text":"Article similaire","link":""},"img":{"alt_text":"Chargeur multiple pour DJI Phantom 4","src":"https:\/\/i0.wp.com\/store.droneway.ma\/wp-content\/uploads\/2020\/11\/Chargeur-multiple-pour-DJI-Phantom-4.jpg?resize=350%2C200&ssl=1","width":350,"height":200},"classes":[]}],"jetpack_sharing_enabled":true,"_links":{"self":[{"href":"https:\/\/store.droneway.ma\/index.php\/wp-json\/wp\/v2\/product\/2440","targetHints":{"allow":["GET"]}}],"collection":[{"href":"https:\/\/store.droneway.ma\/index.php\/wp-json\/wp\/v2\/product"}],"about":[{"href":"https:\/\/store.droneway.ma\/index.php\/wp-json\/wp\/v2\/types\/product"}],"wp:featuredmedia":[{"embeddable":true,"href":"https:\/\/store.droneway.ma\/index.php\/wp-json\/wp\/v2\/media\/2441"}],"wp:attachment":[{"href":"https:\/\/store.droneway.ma\/index.php\/wp-json\/wp\/v2\/media?parent=2440"}],"wp:term":[{"taxonomy":"product_brand","embeddable":true,"href":"https:\/\/store.droneway.ma\/index.php\/wp-json\/wp\/v2\/product_brand?post=2440"},{"taxonomy":"product_cat","embeddable":true,"href":"https:\/\/store.droneway.ma\/index.php\/wp-json\/wp\/v2\/product_cat?post=2440"},{"taxonomy":"product_tag","embeddable":true,"href":"https:\/\/store.droneway.ma\/index.php\/wp-json\/wp\/v2\/product_tag?post=2440"}],"curies":[{"name":"wp","href":"https:\/\/api.w.org\/{rel}","templated":true}]}}