{"id":2354,"date":"2020-11-21T19:08:21","date_gmt":"2020-11-21T18:08:21","guid":{"rendered":"http:\/\/store.droneway.ma\/index.php\/produit\/barre-dextension-pour-dji-osmo-pocket-et-pocket-2-2\/"},"modified":"2020-11-21T19:09:17","modified_gmt":"2020-11-21T18:09:17","slug":"barre-dextension-pour-dji-osmo-pocket-et-pocket-2-2","status":"publish","type":"product","link":"https:\/\/store.droneway.ma\/index.php\/produit\/barre-dextension-pour-dji-osmo-pocket-et-pocket-2-2\/","title":{"rendered":"Barre d&rsquo;extension pour DJI Osmo Pocket et Pocket 2"},"content":{"rendered":"<p>Optez pour la barre d&rsquo;extension pour faire prendre de la hauteur \u00e0 votre DJI Osmo Pocket \/ Osmo Pocket 2 et capturez depuis un angle in\u00e9dit.  L&rsquo;accessoire se compose d&rsquo;une perche extensible jusqu&rsquo;\u00e0 50cm et d&rsquo;un support smartphone. La perche est \u00e9quip\u00e9e de six boutons et d&rsquo;un joystick de contr\u00f4le pour commander votre Osmo Pocket \/ Pocket 2 directement depuis la poign\u00e9e.  Vous aurez la possibilit\u00e9 d&rsquo;installer votre smartphone sur la barre pour b\u00e9n\u00e9ficier du retour vid\u00e9o de l&rsquo;Osmo Pocket \/ Pocket 2(n\u00e9cessite cependant l&rsquo;utilisation du module sans-fil). Le dessous de la barre comporte un pas de vis 1\/4&Prime; vous permettant de la fixer sur d&rsquo;autres accessoires (tr\u00e9pied etc &#8230;).  La barre d&rsquo;extension sera aliment\u00e9e par l&rsquo;Osmo Pocket \/ Pocket 2 gr\u00e2ce \u00e0 la connectique situ\u00e9e \u00e0 l\u2019extr\u00e9mit\u00e9 de la perche.<\/p>\n","protected":false},"excerpt":{"rendered":"<p>Permet des prises de vues in\u00e9dites  Boutons et joystick de commande sur la poign\u00e9e  Support smartphone pour b\u00e9n\u00e9ficier du retour vid\u00e9o  Dispose d&rsquo;un pas de vis 1\/4&Prime; pour ajout d&rsquo;accessoires<\/p>\n","protected":false},"featured_media":1514,"template":"","meta":{"content-type":"","rop_custom_images_group":[],"rop_custom_messages_group":[],"rop_publish_now":"initial","rop_publish_now_accounts":[],"rop_publish_now_history":[],"rop_publish_now_status":"pending"},"product_brand":[],"product_cat":[23,60],"product_tag":[],"class_list":{"0":"post-2354","1":"product","2":"type-product","3":"status-publish","4":"has-post-thumbnail","6":"product_cat-dji-osmo","7":"product_cat-osmo-pocket","9":"first","10":"instock","11":"purchasable","12":"product-type-simple"},"jetpack-related-posts":[{"id":2338,"url":"https:\/\/store.droneway.ma\/index.php\/produit\/barre-dextension-pour-dji-osmo-pocket-et-pocket-2\/","url_meta":{"origin":2354,"position":0},"title":"Barre d&rsquo;extension pour DJI Osmo Pocket et Pocket 2","author":"admin","date":"21 novembre 2020","format":false,"excerpt":"Permet des prises de vues in\u00e9dites Boutons et joystick de commande sur la poign\u00e9e Support smartphone pour b\u00e9n\u00e9ficier du retour vid\u00e9o Dispose d'un pas de vis 1\/4\" pour ajout d'accessoires","rel":"","context":"Article similaire","block_context":{"text":"Article similaire","link":""},"img":{"alt_text":"Barre d'extension pour DJI Osmo Pocket et Pocket 2","src":"https:\/\/i0.wp.com\/store.droneway.ma\/wp-content\/uploads\/2020\/11\/barre-d-extension-pour-dji-osmo-pocket-p-image-210681-grande.jpg?resize=350%2C200&ssl=1","width":350,"height":200,"srcset":"https:\/\/i0.wp.com\/store.droneway.ma\/wp-content\/uploads\/2020\/11\/barre-d-extension-pour-dji-osmo-pocket-p-image-210681-grande.jpg?resize=350%2C200&ssl=1 1x, https:\/\/i0.wp.com\/store.droneway.ma\/wp-content\/uploads\/2020\/11\/barre-d-extension-pour-dji-osmo-pocket-p-image-210681-grande.jpg?resize=525%2C300&ssl=1 1.5x, https:\/\/i0.wp.com\/store.droneway.ma\/wp-content\/uploads\/2020\/11\/barre-d-extension-pour-dji-osmo-pocket-p-image-210681-grande.jpg?resize=700%2C400&ssl=1 2x"},"classes":[]},{"id":2356,"url":"https:\/\/store.droneway.ma\/index.php\/produit\/molette-de-controle-pour-dji-osmo-pocket-pocket-2\/","url_meta":{"origin":2354,"position":1},"title":"Molette de contr\u00f4le pour DJI Osmo Pocket\/Pocket 2","author":"admin","date":"21 novembre 2020","format":false,"excerpt":"Contr\u00f4le pr\u00e9cis du tilt et du pan Changement des modes via le bouton de commande Recentrage de la nacelle","rel":"","context":"Article similaire","block_context":{"text":"Article similaire","link":""},"img":{"alt_text":"Molette de contr\u00f4le pour DJI Osmo Pocket\/Pocket 2","src":"https:\/\/i0.wp.com\/store.droneway.ma\/wp-content\/uploads\/2020\/11\/molette-de-controle-dji-osmo-pocket-p-image-203788-grande.jpg?resize=350%2C200&ssl=1","width":350,"height":200,"srcset":"https:\/\/i0.wp.com\/store.droneway.ma\/wp-content\/uploads\/2020\/11\/molette-de-controle-dji-osmo-pocket-p-image-203788-grande.jpg?resize=350%2C200&ssl=1 1x, https:\/\/i0.wp.com\/store.droneway.ma\/wp-content\/uploads\/2020\/11\/molette-de-controle-dji-osmo-pocket-p-image-203788-grande.jpg?resize=525%2C300&ssl=1 1.5x"},"classes":[]},{"id":2352,"url":"https:\/\/store.droneway.ma\/index.php\/produit\/module-sans-fil-pour-dji-osmo-pocket-et-pocket-2\/","url_meta":{"origin":2354,"position":2},"title":"Module sans fil pour DJI Osmo Pocket et Pocket 2","author":"admin","date":"21 novembre 2020","format":false,"excerpt":"Connexion sans fil entre votre smartphone et l'Osmo Pocket\/Pocket 2 Connexion sans fil WiFi et Bluetooth Permet de recharger votre DJI Osmo Pocket\/Pocket 2 Peut servir de support pour poser sur une surface plane","rel":"","context":"Article similaire","block_context":{"text":"Article similaire","link":""},"img":{"alt_text":"Module sans fil pour DJI Osmo Pocket et Pocket 2","src":"https:\/\/i0.wp.com\/store.droneway.ma\/wp-content\/uploads\/2020\/11\/module-sans-fil-dji-osmo-pocket-p-image-203774-grande.jpg?resize=350%2C200&ssl=1","width":350,"height":200,"srcset":"https:\/\/i0.wp.com\/store.droneway.ma\/wp-content\/uploads\/2020\/11\/module-sans-fil-dji-osmo-pocket-p-image-203774-grande.jpg?resize=350%2C200&ssl=1 1x, https:\/\/i0.wp.com\/store.droneway.ma\/wp-content\/uploads\/2020\/11\/module-sans-fil-dji-osmo-pocket-p-image-203774-grande.jpg?resize=525%2C300&ssl=1 1.5x"},"classes":[]},{"id":2341,"url":"https:\/\/store.droneway.ma\/index.php\/produit\/support-accessoires-pour-dji-osmo-pocket-pocket-2\/","url_meta":{"origin":2354,"position":3},"title":"Support accessoires pour DJI Osmo Pocket\/Pocket 2","author":"admin","date":"21 novembre 2020","format":false,"excerpt":"Support accessoires pour DJI Osmo Pocket\/Pocket 2","rel":"","context":"Article similaire","block_context":{"text":"Article similaire","link":""},"img":{"alt_text":"Support accessoires pour DJI Osmo Pocket\/Pocket 2","src":"https:\/\/i0.wp.com\/store.droneway.ma\/wp-content\/uploads\/2020\/11\/support-accessoires-dji-osmo-pocket-p-image-203766-grande.jpg?resize=350%2C200&ssl=1","width":350,"height":200,"srcset":"https:\/\/i0.wp.com\/store.droneway.ma\/wp-content\/uploads\/2020\/11\/support-accessoires-dji-osmo-pocket-p-image-203766-grande.jpg?resize=350%2C200&ssl=1 1x, https:\/\/i0.wp.com\/store.droneway.ma\/wp-content\/uploads\/2020\/11\/support-accessoires-dji-osmo-pocket-p-image-203766-grande.jpg?resize=525%2C300&ssl=1 1.5x"},"classes":[]},{"id":2358,"url":"https:\/\/store.droneway.ma\/index.php\/produit\/support-accessoires-pour-dji-osmo-pocket-pocket-2-2\/","url_meta":{"origin":2354,"position":4},"title":"Support accessoires pour DJI Osmo Pocket\/Pocket 2","author":"admin","date":"21 novembre 2020","format":false,"excerpt":"Support accessoires pour DJI Osmo Pocket\/Pocket 2","rel":"","context":"Article similaire","block_context":{"text":"Article similaire","link":""},"img":{"alt_text":"Support accessoires pour DJI Osmo Pocket\/Pocket 2","src":"https:\/\/i0.wp.com\/store.droneway.ma\/wp-content\/uploads\/2020\/11\/support-accessoires-dji-osmo-pocket-p-image-203766-grande.jpg?resize=350%2C200&ssl=1","width":350,"height":200,"srcset":"https:\/\/i0.wp.com\/store.droneway.ma\/wp-content\/uploads\/2020\/11\/support-accessoires-dji-osmo-pocket-p-image-203766-grande.jpg?resize=350%2C200&ssl=1 1x, https:\/\/i0.wp.com\/store.droneway.ma\/wp-content\/uploads\/2020\/11\/support-accessoires-dji-osmo-pocket-p-image-203766-grande.jpg?resize=525%2C300&ssl=1 1.5x"},"classes":[]},{"id":2370,"url":"https:\/\/store.droneway.ma\/index.php\/produit\/mini-joystick-pour-dji-pocket-2\/","url_meta":{"origin":2354,"position":5},"title":"Mini joystick pour DJI Pocket 2","author":"admin","date":"21 novembre 2020","format":false,"excerpt":"Pi\u00e8ce d'origine Compatible Pocket 2 G\u00e8re l'orientation de la nacelle ainsi que le zoom","rel":"","context":"Article similaire","block_context":{"text":"Article similaire","link":""},"img":{"alt_text":"Mini joystick pour DJI Pocket 2","src":"https:\/\/i0.wp.com\/store.droneway.ma\/wp-content\/uploads\/2020\/11\/Mini-joystick-pour-DJI-Pocket-2.jpg?resize=350%2C200&ssl=1","width":350,"height":200,"srcset":"https:\/\/i0.wp.com\/store.droneway.ma\/wp-content\/uploads\/2020\/11\/Mini-joystick-pour-DJI-Pocket-2.jpg?resize=350%2C200&ssl=1 1x, https:\/\/i0.wp.com\/store.droneway.ma\/wp-content\/uploads\/2020\/11\/Mini-joystick-pour-DJI-Pocket-2.jpg?resize=525%2C300&ssl=1 1.5x, https:\/\/i0.wp.com\/store.droneway.ma\/wp-content\/uploads\/2020\/11\/Mini-joystick-pour-DJI-Pocket-2.jpg?resize=700%2C400&ssl=1 2x"},"classes":[]}],"jetpack_sharing_enabled":true,"_links":{"self":[{"href":"https:\/\/store.droneway.ma\/index.php\/wp-json\/wp\/v2\/product\/2354","targetHints":{"allow":["GET"]}}],"collection":[{"href":"https:\/\/store.droneway.ma\/index.php\/wp-json\/wp\/v2\/product"}],"about":[{"href":"https:\/\/store.droneway.ma\/index.php\/wp-json\/wp\/v2\/types\/product"}],"wp:featuredmedia":[{"embeddable":true,"href":"https:\/\/store.droneway.ma\/index.php\/wp-json\/wp\/v2\/media\/1514"}],"wp:attachment":[{"href":"https:\/\/store.droneway.ma\/index.php\/wp-json\/wp\/v2\/media?parent=2354"}],"wp:term":[{"taxonomy":"product_brand","embeddable":true,"href":"https:\/\/store.droneway.ma\/index.php\/wp-json\/wp\/v2\/product_brand?post=2354"},{"taxonomy":"product_cat","embeddable":true,"href":"https:\/\/store.droneway.ma\/index.php\/wp-json\/wp\/v2\/product_cat?post=2354"},{"taxonomy":"product_tag","embeddable":true,"href":"https:\/\/store.droneway.ma\/index.php\/wp-json\/wp\/v2\/product_tag?post=2354"}],"curies":[{"name":"wp","href":"https:\/\/api.w.org\/{rel}","templated":true}]}}