{"id":2295,"date":"2020-11-21T19:07:24","date_gmt":"2020-11-21T18:07:24","guid":{"rendered":"http:\/\/store.droneway.ma\/index.php\/produit\/cable-usb-type-c-vers-lightning-65cm-pgytech\/"},"modified":"2020-11-21T19:07:26","modified_gmt":"2020-11-21T18:07:26","slug":"cable-usb-type-c-vers-lightning-65cm-pgytech","status":"publish","type":"product","link":"https:\/\/store.droneway.ma\/index.php\/produit\/cable-usb-type-c-vers-lightning-65cm-pgytech\/","title":{"rendered":"C\u00e2ble USB Type-C vers Lightning 65cm &#8211; PGYTECH"},"content":{"rendered":"<p>Rechargez votre action cam ou votre smartphone gr\u00e2ce \u00e0 ce c\u00e2ble USB Type-C vers Lightning de 65 cm.  Ce c\u00e2ble dispose de deux connectiques : USB Type-C et Lightning, permettant par exemple la recharge de votre action cam sur votre smartphone.<\/p>\n","protected":false},"excerpt":{"rendered":"<p>Connexion USB Type-C vers Lightning  Longueur de 65 cm  Permet une recharge optimis\u00e9e<\/p>\n","protected":false},"featured_media":46,"template":"","meta":{"content-type":"","rop_custom_images_group":[],"rop_custom_messages_group":[],"rop_publish_now":"initial","rop_publish_now_accounts":[],"rop_publish_now_history":[],"rop_publish_now_status":"pending"},"product_brand":[],"product_cat":[23,43],"product_tag":[],"class_list":{"0":"post-2295","1":"product","2":"type-product","3":"status-publish","4":"has-post-thumbnail","6":"product_cat-dji-osmo","7":"product_cat-osmo-action","9":"first","10":"instock","11":"purchasable","12":"product-type-simple"},"jetpack-related-posts":[{"id":2150,"url":"https:\/\/store.droneway.ma\/index.php\/produit\/cable-usb-type-c-vers-type-c-65-cm-pgytech\/","url_meta":{"origin":2295,"position":0},"title":"C\u00e2ble USB Type-C vers Type-C 65 cm &#8211; PGYTECH","author":"admin","date":"21 novembre 2020","format":false,"excerpt":"Connexion USB Type-C vers Type-C Longueur de 65 cm Permet une recharge optimis\u00e9e","rel":"","context":"Article similaire","block_context":{"text":"Article similaire","link":""},"img":{"alt_text":"C\u00e2ble USB Type-C vers Type-C 65 cm - PGYTECH","src":"https:\/\/i0.wp.com\/store.droneway.ma\/wp-content\/uploads\/2020\/11\/cable-usb-type-c-vers-type-c-65-cm-pgytech-p-image-212108-grande.jpg?resize=350%2C200&ssl=1","width":350,"height":200},"classes":[]},{"id":2151,"url":"https:\/\/store.droneway.ma\/index.php\/produit\/cable-lightning-pour-radiocommande-dji-mavic-air-2\/","url_meta":{"origin":2295,"position":1},"title":"C\u00e2ble Lightning pour radiocommande DJI Mavic Air 2","author":"admin","date":"21 novembre 2020","format":false,"excerpt":"C\u00e2ble Lightning Compatible radiocommande DJI Mavic Air 2","rel":"","context":"Article similaire","block_context":{"text":"Article similaire","link":""},"img":{"alt_text":"C\u00e2ble Lightning pour radiocommande DJI Mavic Air 2","src":"https:\/\/i0.wp.com\/store.droneway.ma\/wp-content\/uploads\/2020\/11\/cable-lightning-pour-radiocommande-dji-mavic-air-2-p-image-217344-grande.jpg?resize=350%2C200&ssl=1","width":350,"height":200,"srcset":"https:\/\/i0.wp.com\/store.droneway.ma\/wp-content\/uploads\/2020\/11\/cable-lightning-pour-radiocommande-dji-mavic-air-2-p-image-217344-grande.jpg?resize=350%2C200&ssl=1 1x, https:\/\/i0.wp.com\/store.droneway.ma\/wp-content\/uploads\/2020\/11\/cable-lightning-pour-radiocommande-dji-mavic-air-2-p-image-217344-grande.jpg?resize=525%2C300&ssl=1 1.5x, https:\/\/i0.wp.com\/store.droneway.ma\/wp-content\/uploads\/2020\/11\/cable-lightning-pour-radiocommande-dji-mavic-air-2-p-image-217344-grande.jpg?resize=700%2C400&ssl=1 2x, https:\/\/i0.wp.com\/store.droneway.ma\/wp-content\/uploads\/2020\/11\/cable-lightning-pour-radiocommande-dji-mavic-air-2-p-image-217344-grande.jpg?resize=1050%2C600&ssl=1 3x, https:\/\/i0.wp.com\/store.droneway.ma\/wp-content\/uploads\/2020\/11\/cable-lightning-pour-radiocommande-dji-mavic-air-2-p-image-217344-grande.jpg?resize=1400%2C800&ssl=1 4x"},"classes":[]},{"id":2067,"url":"https:\/\/store.droneway.ma\/index.php\/produit\/cable-otg-micro-usb-vers-usb\/","url_meta":{"origin":2295,"position":2},"title":"C\u00e2ble OTG micro USB vers USB","author":"admin","date":"21 novembre 2020","format":false,"excerpt":"Booste la port\u00e9e du Spark (jusqu'\u00e0 900m) Compatible avec d'autres p\u00e9riph\u00e9riques Pour une utilisation FPV (DJI Goggles) OTG certifi\u00e9 norme UBS 2.0 Mat\u00e9riaux premium","rel":"","context":"Article similaire","block_context":{"text":"Article similaire","link":""},"img":{"alt_text":"C\u00e2ble OTG micro USB vers USB","src":"https:\/\/i0.wp.com\/store.droneway.ma\/wp-content\/uploads\/2020\/11\/cable-usb-vers-micro-usb-pour-dji-spark-p-image-189624-grande.jpg?resize=350%2C200&ssl=1","width":350,"height":200},"classes":[]},{"id":2386,"url":"https:\/\/store.droneway.ma\/index.php\/produit\/etui-de-recharge-pour-dji-pocket-2\/","url_meta":{"origin":2295,"position":3},"title":"\u00c9tui de recharge pour DJI Pocket 2","author":"admin","date":"21 novembre 2020","format":false,"excerpt":"accessoire indispensable \u00e9tui design et \u00e9l\u00e9gant batterie de 1500mAh : peut recharger la cam\u00e9ra 1,5 fois possibilit\u00e9 d'y stocker de petits accessoires","rel":"","context":"Article similaire","block_context":{"text":"Article similaire","link":""},"img":{"alt_text":"\u00c9tui de recharge pour DJI Pocket 2","src":"https:\/\/i0.wp.com\/store.droneway.ma\/wp-content\/uploads\/2020\/11\/Etui-de-recharge-pour-DJI-Pocket-2.jpg?resize=350%2C200&ssl=1","width":350,"height":200,"srcset":"https:\/\/i0.wp.com\/store.droneway.ma\/wp-content\/uploads\/2020\/11\/Etui-de-recharge-pour-DJI-Pocket-2.jpg?resize=350%2C200&ssl=1 1x, https:\/\/i0.wp.com\/store.droneway.ma\/wp-content\/uploads\/2020\/11\/Etui-de-recharge-pour-DJI-Pocket-2.jpg?resize=525%2C300&ssl=1 1.5x, https:\/\/i0.wp.com\/store.droneway.ma\/wp-content\/uploads\/2020\/11\/Etui-de-recharge-pour-DJI-Pocket-2.jpg?resize=700%2C400&ssl=1 2x"},"classes":[]},{"id":2160,"url":"https:\/\/store.droneway.ma\/index.php\/produit\/cable-micro-usb-pour-radiocommande-dji-mavic-air-2\/","url_meta":{"origin":2295,"position":4},"title":"Cable Micro USB pour radiocommande DJI Mavic Air 2","author":"admin","date":"21 novembre 2020","format":false,"excerpt":"Compatible DJI Mavic Air 2\u00a0 Connectique Micro USB","rel":"","context":"Article similaire","block_context":{"text":"Article similaire","link":""},"img":{"alt_text":"Cable Micro USB pour radiocommande DJI Mavic Air 2","src":"https:\/\/i0.wp.com\/store.droneway.ma\/wp-content\/uploads\/2020\/11\/cable-microusb-pour-radiocommande-dji-mavic-air-2-p-image-217347-grande.jpg?resize=350%2C200&ssl=1","width":350,"height":200,"srcset":"https:\/\/i0.wp.com\/store.droneway.ma\/wp-content\/uploads\/2020\/11\/cable-microusb-pour-radiocommande-dji-mavic-air-2-p-image-217347-grande.jpg?resize=350%2C200&ssl=1 1x, https:\/\/i0.wp.com\/store.droneway.ma\/wp-content\/uploads\/2020\/11\/cable-microusb-pour-radiocommande-dji-mavic-air-2-p-image-217347-grande.jpg?resize=525%2C300&ssl=1 1.5x, https:\/\/i0.wp.com\/store.droneway.ma\/wp-content\/uploads\/2020\/11\/cable-microusb-pour-radiocommande-dji-mavic-air-2-p-image-217347-grande.jpg?resize=700%2C400&ssl=1 2x, https:\/\/i0.wp.com\/store.droneway.ma\/wp-content\/uploads\/2020\/11\/cable-microusb-pour-radiocommande-dji-mavic-air-2-p-image-217347-grande.jpg?resize=1050%2C600&ssl=1 3x, https:\/\/i0.wp.com\/store.droneway.ma\/wp-content\/uploads\/2020\/11\/cable-microusb-pour-radiocommande-dji-mavic-air-2-p-image-217347-grande.jpg?resize=1400%2C800&ssl=1 4x"},"classes":[]},{"id":2359,"url":"https:\/\/store.droneway.ma\/index.php\/produit\/poignee-multi-usage-pour-dji-pocket-2\/","url_meta":{"origin":2295,"position":5},"title":"Poign\u00e9e multi-usage pour DJI Pocket 2","author":"admin","date":"21 novembre 2020","format":false,"excerpt":"Compatible DJI Pocket 2 R\u00e9cepteur audio microphone Emetteur WiFi\/Bluetooth pour contr\u00f4le \u00e0 distance Haut-parleur inclus Nombreuses connectiques","rel":"","context":"Article similaire","block_context":{"text":"Article similaire","link":""},"img":{"alt_text":"Poign\u00e9e multi-usage pour DJI Pocket 2","src":"https:\/\/i0.wp.com\/store.droneway.ma\/wp-content\/uploads\/2020\/11\/Poignee-multi-usage-pour-DJI-Pocket-2.jpg?resize=350%2C200&ssl=1","width":350,"height":200,"srcset":"https:\/\/i0.wp.com\/store.droneway.ma\/wp-content\/uploads\/2020\/11\/Poignee-multi-usage-pour-DJI-Pocket-2.jpg?resize=350%2C200&ssl=1 1x, https:\/\/i0.wp.com\/store.droneway.ma\/wp-content\/uploads\/2020\/11\/Poignee-multi-usage-pour-DJI-Pocket-2.jpg?resize=525%2C300&ssl=1 1.5x, https:\/\/i0.wp.com\/store.droneway.ma\/wp-content\/uploads\/2020\/11\/Poignee-multi-usage-pour-DJI-Pocket-2.jpg?resize=700%2C400&ssl=1 2x, https:\/\/i0.wp.com\/store.droneway.ma\/wp-content\/uploads\/2020\/11\/Poignee-multi-usage-pour-DJI-Pocket-2.jpg?resize=1050%2C600&ssl=1 3x, https:\/\/i0.wp.com\/store.droneway.ma\/wp-content\/uploads\/2020\/11\/Poignee-multi-usage-pour-DJI-Pocket-2.jpg?resize=1400%2C800&ssl=1 4x"},"classes":[]}],"jetpack_sharing_enabled":true,"_links":{"self":[{"href":"https:\/\/store.droneway.ma\/index.php\/wp-json\/wp\/v2\/product\/2295","targetHints":{"allow":["GET"]}}],"collection":[{"href":"https:\/\/store.droneway.ma\/index.php\/wp-json\/wp\/v2\/product"}],"about":[{"href":"https:\/\/store.droneway.ma\/index.php\/wp-json\/wp\/v2\/types\/product"}],"wp:featuredmedia":[{"embeddable":true,"href":"https:\/\/store.droneway.ma\/index.php\/wp-json\/wp\/v2\/media\/46"}],"wp:attachment":[{"href":"https:\/\/store.droneway.ma\/index.php\/wp-json\/wp\/v2\/media?parent=2295"}],"wp:term":[{"taxonomy":"product_brand","embeddable":true,"href":"https:\/\/store.droneway.ma\/index.php\/wp-json\/wp\/v2\/product_brand?post=2295"},{"taxonomy":"product_cat","embeddable":true,"href":"https:\/\/store.droneway.ma\/index.php\/wp-json\/wp\/v2\/product_cat?post=2295"},{"taxonomy":"product_tag","embeddable":true,"href":"https:\/\/store.droneway.ma\/index.php\/wp-json\/wp\/v2\/product_tag?post=2295"}],"curies":[{"name":"wp","href":"https:\/\/api.w.org\/{rel}","templated":true}]}}