{"id":2251,"date":"2020-11-21T19:06:05","date_gmt":"2020-11-21T18:06:05","guid":{"rendered":"http:\/\/store.droneway.ma\/index.php\/produit\/protection-en-silicone-pour-dji-smart-controller\/"},"modified":"2020-11-21T19:06:30","modified_gmt":"2020-11-21T18:06:30","slug":"protection-en-silicone-pour-dji-smart-controller","status":"publish","type":"product","link":"https:\/\/store.droneway.ma\/index.php\/produit\/protection-en-silicone-pour-dji-smart-controller\/","title":{"rendered":"Protection en silicone pour DJI Smart Controller"},"content":{"rendered":"<p>Prot\u00e9gez votre radiocommande DJI Smart Controller des chocs et des rayures avec cet accessoire indispensable. Sa conception en silicone permet une meilleure prise en main de votre radio.  La housse int\u00e8gre un pare-soleil, garantissant ainsi une meilleure visualisation de l&rsquo;\u00e9cran lorsque le soleil brille trop fort.  La protection est ajour\u00e9e afin de vous garantir un acc\u00e8s \u00e0 l&rsquo;int\u00e9gralit\u00e9 des contr\u00f4les.  Note : housse vendue sans radiocommande.  Prot\u00e9gez efficacement votre radiocommande DJI Smart Controller des chocs et des rayures gr\u00e2ce \u00e0 cet accessoire indispensable. Sa conception en silicone permet une meilleure prise en main de votre radio.  La protection est ajour\u00e9e afin de vous garantir un acc\u00e8s \u00e0 l&rsquo;int\u00e9gralit\u00e9 des contr\u00f4les.\u00a0Cet accessoire est disponible selon deux coloris : rouge et noir.<\/p>\n","protected":false},"excerpt":{"rendered":"<p>Prot\u00e8ge votre radiocommande DJI Smart Controller  Pare-soleil pour meilleure visualisation  Prot\u00e8ge des rayures et des chocs  Housse ajour\u00e9e<\/p>\n","protected":false},"featured_media":2252,"template":"","meta":{"content-type":"","rop_custom_images_group":[],"rop_custom_messages_group":[],"rop_publish_now":"initial","rop_publish_now_accounts":[],"rop_publish_now_history":[],"rop_publish_now_status":"pending"},"product_brand":[],"product_cat":[16,34],"product_tag":[],"class_list":{"0":"post-2251","1":"product","2":"type-product","3":"status-publish","4":"has-post-thumbnail","6":"product_cat-dji-mavic","7":"product_cat-mavic-2","9":"first","10":"instock","11":"purchasable","12":"product-type-simple"},"jetpack-related-posts":[{"id":2247,"url":"https:\/\/store.droneway.ma\/index.php\/produit\/protection-en-silicone-pour-dji-smart-controller-avec-pare-soleil\/","url_meta":{"origin":2251,"position":0},"title":"Protection en silicone pour DJI Smart Controller avec pare-soleil","author":"admin","date":"21 novembre 2020","format":false,"excerpt":"Prot\u00e8ge votre DJI Smart Controller Prot\u00e8ge des rayures et des chocs Housse ajour\u00e9e","rel":"","context":"Article similaire","block_context":{"text":"Article similaire","link":""},"img":{"alt_text":"Protection en silicone pour DJI Smart Controller avec pare-soleil","src":"https:\/\/i0.wp.com\/store.droneway.ma\/wp-content\/uploads\/2020\/11\/Protection-en-silicone-pour-DJI-Smart-Controller-avec-pare-soleil.jpg?resize=350%2C200&ssl=1","width":350,"height":200,"srcset":"https:\/\/i0.wp.com\/store.droneway.ma\/wp-content\/uploads\/2020\/11\/Protection-en-silicone-pour-DJI-Smart-Controller-avec-pare-soleil.jpg?resize=350%2C200&ssl=1 1x, https:\/\/i0.wp.com\/store.droneway.ma\/wp-content\/uploads\/2020\/11\/Protection-en-silicone-pour-DJI-Smart-Controller-avec-pare-soleil.jpg?resize=525%2C300&ssl=1 1.5x, https:\/\/i0.wp.com\/store.droneway.ma\/wp-content\/uploads\/2020\/11\/Protection-en-silicone-pour-DJI-Smart-Controller-avec-pare-soleil.jpg?resize=700%2C400&ssl=1 2x"},"classes":[]},{"id":2262,"url":"https:\/\/store.droneway.ma\/index.php\/produit\/radiocommande-dji-smart-controller\/","url_meta":{"origin":2251,"position":1},"title":"Radiocommande DJI Smart Controller","author":"admin","date":"21 novembre 2020","format":false,"excerpt":"Radiocommande avec \u00e9cran 5,5 pouces 1080p Compatible transmission OcuSync 2.0 Syst\u00e8me Android personnalis\u00e9 DJI Go Share pour le partage Applis tierces support\u00e9es Compatible DJI Mavic Air 2","rel":"","context":"Article similaire","block_context":{"text":"Article similaire","link":""},"img":{"alt_text":"Radiocommande DJI Smart Controller","src":"https:\/\/i0.wp.com\/store.droneway.ma\/wp-content\/uploads\/2020\/11\/radiocommande-dji-smart-controller-p-image-204965-grande.jpg?resize=350%2C200&ssl=1","width":350,"height":200},"classes":[]},{"id":2130,"url":"https:\/\/store.droneway.ma\/index.php\/produit\/radiocommande-dji-smart-controller-enterprise\/","url_meta":{"origin":2251,"position":2},"title":"Radiocommande DJI Smart Controller Enterprise","author":"admin","date":"21 novembre 2020","format":false,"excerpt":"La radiocommande DJI Smart Controller Enterprise est con\u00e7ue pour le drone DJI Matrice 300 RTK. Elle int\u00e8gre la technologie OcuSync Enterprise qui permet de b\u00e9n\u00e9ficier du retour vid\u00e9o du drone en 1080p et ce, jusqu'\u00e0 8kms (norme CE). Elle permet \u00e0 un ou plusieurs op\u00e9rateurs (jusqu'\u00e0 3 simultan\u00e9ment) de contr\u00f4ler\u2026","rel":"","context":"Article similaire","block_context":{"text":"Article similaire","link":""},"img":{"alt_text":"Radiocommande DJI Smart Controller Enterprise","src":"https:\/\/i0.wp.com\/store.droneway.ma\/wp-content\/uploads\/2020\/11\/radiocommande-dji-smart-controller-enterprise-p-image-217595-grande.jpg?resize=350%2C200&ssl=1","width":350,"height":200,"srcset":"https:\/\/i0.wp.com\/store.droneway.ma\/wp-content\/uploads\/2020\/11\/radiocommande-dji-smart-controller-enterprise-p-image-217595-grande.jpg?resize=350%2C200&ssl=1 1x, https:\/\/i0.wp.com\/store.droneway.ma\/wp-content\/uploads\/2020\/11\/radiocommande-dji-smart-controller-enterprise-p-image-217595-grande.jpg?resize=525%2C300&ssl=1 1.5x, https:\/\/i0.wp.com\/store.droneway.ma\/wp-content\/uploads\/2020\/11\/radiocommande-dji-smart-controller-enterprise-p-image-217595-grande.jpg?resize=700%2C400&ssl=1 2x"},"classes":[]},{"id":2279,"url":"https:\/\/store.droneway.ma\/index.php\/produit\/coque-de-protection-pour-dji-smart-controller-pgytech\/","url_meta":{"origin":2251,"position":3},"title":"Coque de protection pour DJI Smart Controller &#8211; PGYTECH","author":"admin","date":"21 novembre 2020","format":false,"excerpt":"L\u00e9g\u00e8re et r\u00e9sistante Protection optimale du DJI Smart Controller \u00c9vite de d\u00e9monter les joysticks.","rel":"","context":"Article similaire","block_context":{"text":"Article similaire","link":""},"img":{"alt_text":"Coque de protection pour DJI Smart Controller - PGYTECH","src":"https:\/\/i0.wp.com\/store.droneway.ma\/wp-content\/uploads\/2020\/11\/Coque-de-protection-pour-DJI-Smart-Controller-PGYTECH.jpg?resize=350%2C200&ssl=1","width":350,"height":200},"classes":[]},{"id":2173,"url":"https:\/\/store.droneway.ma\/index.php\/produit\/dji-mavic-2-zoom-smart-controller\/","url_meta":{"origin":2251,"position":4},"title":"DJI Mavic 2 Zoom &#038; Smart controller","author":"admin","date":"21 novembre 2020","format":false,"excerpt":"Le DJI Smart Controller permet l'acc\u00e8s aux applications tierces (r\u00e9seaux sociaux notamment) en plus des applications DJI, notamment DJI Go 4 qui int\u00e8gre la fonctionnalit\u00e9 \"Go Share\" pour transf\u00e9rer rapidement les photos de la radiocommande vers votre smartphone ou tablette.","rel":"","context":"Article similaire","block_context":{"text":"Article similaire","link":""},"img":{"alt_text":"DJI Mavic 2 Zoom & Smart controller","src":"https:\/\/i0.wp.com\/store.droneway.ma\/wp-content\/uploads\/2020\/11\/dji-mavic-2-zoom-smart-controller-p-image-204870-grande.jpg?resize=350%2C200&ssl=1","width":350,"height":200,"srcset":"https:\/\/i0.wp.com\/store.droneway.ma\/wp-content\/uploads\/2020\/11\/dji-mavic-2-zoom-smart-controller-p-image-204870-grande.jpg?resize=350%2C200&ssl=1 1x, https:\/\/i0.wp.com\/store.droneway.ma\/wp-content\/uploads\/2020\/11\/dji-mavic-2-zoom-smart-controller-p-image-204870-grande.jpg?resize=525%2C300&ssl=1 1.5x, https:\/\/i0.wp.com\/store.droneway.ma\/wp-content\/uploads\/2020\/11\/dji-mavic-2-zoom-smart-controller-p-image-204870-grande.jpg?resize=700%2C400&ssl=1 2x"},"classes":[]},{"id":2209,"url":"https:\/\/store.droneway.ma\/index.php\/produit\/valise-2400-etanche-pour-mavic-2-et-smart-controller-hprc\/","url_meta":{"origin":2251,"position":5},"title":"Valise 2400 \u00e9tanche pour Mavic 2 et Smart Controller &#8211; HPRC","author":"admin","date":"21 novembre 2020","format":false,"excerpt":"La valise peut contenir : le drone, le Smart Controller, la radiocommande classique, le chargeur, 3 batteries, h\u00e9lices et accessoires divers.","rel":"","context":"Article similaire","block_context":{"text":"Article similaire","link":""},"img":{"alt_text":"Valise 2400 \u00e9tanche pour Mavic 2 et Smart Controller - HPRC","src":"https:\/\/i0.wp.com\/store.droneway.ma\/wp-content\/uploads\/2020\/11\/Valise-2400-etanche-pour-Mavic-2-et-Smart-Controller-HPRC.jpg?resize=350%2C200&ssl=1","width":350,"height":200},"classes":[]}],"jetpack_sharing_enabled":true,"_links":{"self":[{"href":"https:\/\/store.droneway.ma\/index.php\/wp-json\/wp\/v2\/product\/2251","targetHints":{"allow":["GET"]}}],"collection":[{"href":"https:\/\/store.droneway.ma\/index.php\/wp-json\/wp\/v2\/product"}],"about":[{"href":"https:\/\/store.droneway.ma\/index.php\/wp-json\/wp\/v2\/types\/product"}],"wp:featuredmedia":[{"embeddable":true,"href":"https:\/\/store.droneway.ma\/index.php\/wp-json\/wp\/v2\/media\/2252"}],"wp:attachment":[{"href":"https:\/\/store.droneway.ma\/index.php\/wp-json\/wp\/v2\/media?parent=2251"}],"wp:term":[{"taxonomy":"product_brand","embeddable":true,"href":"https:\/\/store.droneway.ma\/index.php\/wp-json\/wp\/v2\/product_brand?post=2251"},{"taxonomy":"product_cat","embeddable":true,"href":"https:\/\/store.droneway.ma\/index.php\/wp-json\/wp\/v2\/product_cat?post=2251"},{"taxonomy":"product_tag","embeddable":true,"href":"https:\/\/store.droneway.ma\/index.php\/wp-json\/wp\/v2\/product_tag?post=2251"}],"curies":[{"name":"wp","href":"https:\/\/api.w.org\/{rel}","templated":true}]}}