{"id":2155,"date":"2020-11-21T19:02:04","date_gmt":"2020-11-21T18:02:04","guid":{"rendered":"http:\/\/store.droneway.ma\/index.php\/produit\/kit-trains-datterrissage-et-leds-pour-dji-mavic-air-2-pgytech\/"},"modified":"2020-11-21T19:02:07","modified_gmt":"2020-11-21T18:02:07","slug":"kit-trains-datterrissage-et-leds-pour-dji-mavic-air-2-pgytech","status":"publish","type":"product","link":"https:\/\/store.droneway.ma\/index.php\/produit\/kit-trains-datterrissage-et-leds-pour-dji-mavic-air-2-pgytech\/","title":{"rendered":"Kit trains d&rsquo;atterrissage et LEDs pour DJI Mavic Air 2 &#8211; PGYTECH"},"content":{"rendered":"<p>Optez pour ce kit complet pour optimiser vos d\u00e9collages et atterrissages avec votre DJI Mavic Air 2. Il se compose de trains d&rsquo;atterrissages amovibles et de LEDs.<\/p>\n","protected":false},"excerpt":{"rendered":"<p>Compatible DJI Mavic Air 2<br \/>\nProt\u00e8ge votre drone lors des phases d&rsquo;atterrissage<br \/>\nLEDs avec 4 niveaux d&rsquo;\u00e9clairage et orientables<br \/>\nInstallation simple et rapide  Mat\u00e9riaux r\u00e9sistants<\/p>\n","protected":false},"featured_media":119,"template":"","meta":{"content-type":"","rop_custom_images_group":[],"rop_custom_messages_group":[],"rop_publish_now":"initial","rop_publish_now_accounts":[],"rop_publish_now_history":[],"rop_publish_now_status":"pending"},"product_brand":[],"product_cat":[16,58],"product_tag":[],"class_list":{"0":"post-2155","1":"product","2":"type-product","3":"status-publish","4":"has-post-thumbnail","6":"product_cat-dji-mavic","7":"product_cat-mavic-air-2","9":"first","10":"instock","11":"purchasable","12":"product-type-simple"},"jetpack-related-posts":[{"id":2230,"url":"https:\/\/store.droneway.ma\/index.php\/produit\/train-datterrissage-avec-led-dji-mavic-2-pgytech\/","url_meta":{"origin":2155,"position":0},"title":"Train d&rsquo;atterrissage avec LED DJI Mavic 2 &#8211; PGYTECH","author":"admin","date":"21 novembre 2020","format":false,"excerpt":"Train d\u2019atterrissage et LED int\u00e9gr\u00e9 Position des LED ajustable","rel":"","context":"Article similaire","block_context":{"text":"Article similaire","link":""},"img":{"alt_text":"Train d'atterrissage avec LED DJI Mavic 2 - PGYTECH","src":"https:\/\/i0.wp.com\/store.droneway.ma\/wp-content\/uploads\/2020\/11\/Train-datterrissage-avec-LED-DJI-Mavic-2-PGYTECH.jpg?resize=350%2C200&ssl=1","width":350,"height":200,"srcset":"https:\/\/i0.wp.com\/store.droneway.ma\/wp-content\/uploads\/2020\/11\/Train-datterrissage-avec-LED-DJI-Mavic-2-PGYTECH.jpg?resize=350%2C200&ssl=1 1x, https:\/\/i0.wp.com\/store.droneway.ma\/wp-content\/uploads\/2020\/11\/Train-datterrissage-avec-LED-DJI-Mavic-2-PGYTECH.jpg?resize=525%2C300&ssl=1 1.5x, https:\/\/i0.wp.com\/store.droneway.ma\/wp-content\/uploads\/2020\/11\/Train-datterrissage-avec-LED-DJI-Mavic-2-PGYTECH.jpg?resize=700%2C400&ssl=1 2x"},"classes":[]},{"id":2154,"url":"https:\/\/store.droneway.ma\/index.php\/produit\/trains-datterrissage-pour-dji-mavic-air-2-pgytech\/","url_meta":{"origin":2155,"position":1},"title":"Trains d&rsquo;atterrissage pour DJI Mavic Air 2 &#8211; PGYTECH","author":"admin","date":"21 novembre 2020","format":false,"excerpt":"Compatible DJI Mavic Air 2 Prot\u00e8ge votre drone lors des phases d'atterrissage Installation simple et rapide Mat\u00e9riaux r\u00e9sistants","rel":"","context":"Article similaire","block_context":{"text":"Article similaire","link":""},"img":{"alt_text":"Trains d'atterrissage pour DJI Mavic Air 2 - PGYTECH","src":"https:\/\/i0.wp.com\/store.droneway.ma\/wp-content\/uploads\/2020\/11\/pgytech-16a-landing-gear-extensions-en-attente-infos-p-image-217710-grande.jpg?resize=350%2C200&ssl=1","width":350,"height":200},"classes":[]},{"id":2156,"url":"https:\/\/store.droneway.ma\/index.php\/produit\/pare-soleil-pour-radiocommande-dji-mavic-air-2\/","url_meta":{"origin":2155,"position":2},"title":"Pare-soleil pour radiocommande DJI Mavic Air 2","author":"admin","date":"21 novembre 2020","format":false,"excerpt":"Pare-soleil pour radiocommande DJI Mavic Air 2","rel":"","context":"Article similaire","block_context":{"text":"Article similaire","link":""},"img":{"alt_text":"Pare-soleil pour radiocommande DJI Mavic Air 2","src":"https:\/\/i0.wp.com\/store.droneway.ma\/wp-content\/uploads\/2020\/11\/pare-soleil-pour-radiocommande-dji-mavic-air-2-p-image-218767-grande.jpg?resize=350%2C200&ssl=1","width":350,"height":200,"srcset":"https:\/\/i0.wp.com\/store.droneway.ma\/wp-content\/uploads\/2020\/11\/pare-soleil-pour-radiocommande-dji-mavic-air-2-p-image-218767-grande.jpg?resize=350%2C200&ssl=1 1x, https:\/\/i0.wp.com\/store.droneway.ma\/wp-content\/uploads\/2020\/11\/pare-soleil-pour-radiocommande-dji-mavic-air-2-p-image-218767-grande.jpg?resize=525%2C300&ssl=1 1.5x, https:\/\/i0.wp.com\/store.droneway.ma\/wp-content\/uploads\/2020\/11\/pare-soleil-pour-radiocommande-dji-mavic-air-2-p-image-218767-grande.jpg?resize=700%2C400&ssl=1 2x, https:\/\/i0.wp.com\/store.droneway.ma\/wp-content\/uploads\/2020\/11\/pare-soleil-pour-radiocommande-dji-mavic-air-2-p-image-218767-grande.jpg?resize=1050%2C600&ssl=1 3x, https:\/\/i0.wp.com\/store.droneway.ma\/wp-content\/uploads\/2020\/11\/pare-soleil-pour-radiocommande-dji-mavic-air-2-p-image-218767-grande.jpg?resize=1400%2C800&ssl=1 4x"},"classes":[]},{"id":2152,"url":"https:\/\/store.droneway.ma\/index.php\/produit\/cable-type-c-pour-radiocommande-dji-mavic-air-2\/","url_meta":{"origin":2155,"position":3},"title":"C\u00e2ble Type-C pour radiocommande DJI Mavic Air 2","author":"admin","date":"21 novembre 2020","format":false,"excerpt":"Compatible radiocommande DJI Mavic Air 2\u00a0 Connectique Type-C","rel":"","context":"Article similaire","block_context":{"text":"Article similaire","link":""},"img":{"alt_text":"C\u00e2ble Type-C pour radiocommande DJI Mavic Air 2","src":"https:\/\/i0.wp.com\/store.droneway.ma\/wp-content\/uploads\/2020\/11\/cable-type-c-pour-radiocommande-mavic-air-2-p-image-217350-grande.jpg?resize=350%2C200&ssl=1","width":350,"height":200,"srcset":"https:\/\/i0.wp.com\/store.droneway.ma\/wp-content\/uploads\/2020\/11\/cable-type-c-pour-radiocommande-mavic-air-2-p-image-217350-grande.jpg?resize=350%2C200&ssl=1 1x, https:\/\/i0.wp.com\/store.droneway.ma\/wp-content\/uploads\/2020\/11\/cable-type-c-pour-radiocommande-mavic-air-2-p-image-217350-grande.jpg?resize=525%2C300&ssl=1 1.5x, https:\/\/i0.wp.com\/store.droneway.ma\/wp-content\/uploads\/2020\/11\/cable-type-c-pour-radiocommande-mavic-air-2-p-image-217350-grande.jpg?resize=700%2C400&ssl=1 2x, https:\/\/i0.wp.com\/store.droneway.ma\/wp-content\/uploads\/2020\/11\/cable-type-c-pour-radiocommande-mavic-air-2-p-image-217350-grande.jpg?resize=1050%2C600&ssl=1 3x, https:\/\/i0.wp.com\/store.droneway.ma\/wp-content\/uploads\/2020\/11\/cable-type-c-pour-radiocommande-mavic-air-2-p-image-217350-grande.jpg?resize=1400%2C800&ssl=1 4x"},"classes":[]},{"id":2151,"url":"https:\/\/store.droneway.ma\/index.php\/produit\/cable-lightning-pour-radiocommande-dji-mavic-air-2\/","url_meta":{"origin":2155,"position":4},"title":"C\u00e2ble Lightning pour radiocommande DJI Mavic Air 2","author":"admin","date":"21 novembre 2020","format":false,"excerpt":"C\u00e2ble Lightning Compatible radiocommande DJI Mavic Air 2","rel":"","context":"Article similaire","block_context":{"text":"Article similaire","link":""},"img":{"alt_text":"C\u00e2ble Lightning pour radiocommande DJI Mavic Air 2","src":"https:\/\/i0.wp.com\/store.droneway.ma\/wp-content\/uploads\/2020\/11\/cable-lightning-pour-radiocommande-dji-mavic-air-2-p-image-217344-grande.jpg?resize=350%2C200&ssl=1","width":350,"height":200,"srcset":"https:\/\/i0.wp.com\/store.droneway.ma\/wp-content\/uploads\/2020\/11\/cable-lightning-pour-radiocommande-dji-mavic-air-2-p-image-217344-grande.jpg?resize=350%2C200&ssl=1 1x, https:\/\/i0.wp.com\/store.droneway.ma\/wp-content\/uploads\/2020\/11\/cable-lightning-pour-radiocommande-dji-mavic-air-2-p-image-217344-grande.jpg?resize=525%2C300&ssl=1 1.5x, https:\/\/i0.wp.com\/store.droneway.ma\/wp-content\/uploads\/2020\/11\/cable-lightning-pour-radiocommande-dji-mavic-air-2-p-image-217344-grande.jpg?resize=700%2C400&ssl=1 2x, https:\/\/i0.wp.com\/store.droneway.ma\/wp-content\/uploads\/2020\/11\/cable-lightning-pour-radiocommande-dji-mavic-air-2-p-image-217344-grande.jpg?resize=1050%2C600&ssl=1 3x, https:\/\/i0.wp.com\/store.droneway.ma\/wp-content\/uploads\/2020\/11\/cable-lightning-pour-radiocommande-dji-mavic-air-2-p-image-217344-grande.jpg?resize=1400%2C800&ssl=1 4x"},"classes":[]},{"id":2160,"url":"https:\/\/store.droneway.ma\/index.php\/produit\/cable-micro-usb-pour-radiocommande-dji-mavic-air-2\/","url_meta":{"origin":2155,"position":5},"title":"Cable Micro USB pour radiocommande DJI Mavic Air 2","author":"admin","date":"21 novembre 2020","format":false,"excerpt":"Compatible DJI Mavic Air 2\u00a0 Connectique Micro USB","rel":"","context":"Article similaire","block_context":{"text":"Article similaire","link":""},"img":{"alt_text":"Cable Micro USB pour radiocommande DJI Mavic Air 2","src":"https:\/\/i0.wp.com\/store.droneway.ma\/wp-content\/uploads\/2020\/11\/cable-microusb-pour-radiocommande-dji-mavic-air-2-p-image-217347-grande.jpg?resize=350%2C200&ssl=1","width":350,"height":200,"srcset":"https:\/\/i0.wp.com\/store.droneway.ma\/wp-content\/uploads\/2020\/11\/cable-microusb-pour-radiocommande-dji-mavic-air-2-p-image-217347-grande.jpg?resize=350%2C200&ssl=1 1x, https:\/\/i0.wp.com\/store.droneway.ma\/wp-content\/uploads\/2020\/11\/cable-microusb-pour-radiocommande-dji-mavic-air-2-p-image-217347-grande.jpg?resize=525%2C300&ssl=1 1.5x, https:\/\/i0.wp.com\/store.droneway.ma\/wp-content\/uploads\/2020\/11\/cable-microusb-pour-radiocommande-dji-mavic-air-2-p-image-217347-grande.jpg?resize=700%2C400&ssl=1 2x, https:\/\/i0.wp.com\/store.droneway.ma\/wp-content\/uploads\/2020\/11\/cable-microusb-pour-radiocommande-dji-mavic-air-2-p-image-217347-grande.jpg?resize=1050%2C600&ssl=1 3x, https:\/\/i0.wp.com\/store.droneway.ma\/wp-content\/uploads\/2020\/11\/cable-microusb-pour-radiocommande-dji-mavic-air-2-p-image-217347-grande.jpg?resize=1400%2C800&ssl=1 4x"},"classes":[]}],"jetpack_sharing_enabled":true,"_links":{"self":[{"href":"https:\/\/store.droneway.ma\/index.php\/wp-json\/wp\/v2\/product\/2155","targetHints":{"allow":["GET"]}}],"collection":[{"href":"https:\/\/store.droneway.ma\/index.php\/wp-json\/wp\/v2\/product"}],"about":[{"href":"https:\/\/store.droneway.ma\/index.php\/wp-json\/wp\/v2\/types\/product"}],"wp:featuredmedia":[{"embeddable":true,"href":"https:\/\/store.droneway.ma\/index.php\/wp-json\/wp\/v2\/media\/119"}],"wp:attachment":[{"href":"https:\/\/store.droneway.ma\/index.php\/wp-json\/wp\/v2\/media?parent=2155"}],"wp:term":[{"taxonomy":"product_brand","embeddable":true,"href":"https:\/\/store.droneway.ma\/index.php\/wp-json\/wp\/v2\/product_brand?post=2155"},{"taxonomy":"product_cat","embeddable":true,"href":"https:\/\/store.droneway.ma\/index.php\/wp-json\/wp\/v2\/product_cat?post=2155"},{"taxonomy":"product_tag","embeddable":true,"href":"https:\/\/store.droneway.ma\/index.php\/wp-json\/wp\/v2\/product_tag?post=2155"}],"curies":[{"name":"wp","href":"https:\/\/api.w.org\/{rel}","templated":true}]}}