{"id":2154,"date":"2020-11-21T19:02:04","date_gmt":"2020-11-21T18:02:04","guid":{"rendered":"http:\/\/store.droneway.ma\/index.php\/produit\/trains-datterrissage-pour-dji-mavic-air-2-pgytech\/"},"modified":"2020-11-21T19:02:07","modified_gmt":"2020-11-21T18:02:07","slug":"trains-datterrissage-pour-dji-mavic-air-2-pgytech","status":"publish","type":"product","link":"https:\/\/store.droneway.ma\/index.php\/produit\/trains-datterrissage-pour-dji-mavic-air-2-pgytech\/","title":{"rendered":"Trains d&rsquo;atterrissage pour DJI Mavic Air 2 &#8211; PGYTECH"},"content":{"rendered":"<p>Ces trains d&rsquo;atterrissage PGYTECH sp\u00e9cialement con\u00e7us pour le DJI Mavic Air 2 vous permettront de sur\u00e9lever votre drone de 35 mm et prot\u00e9ger ainsi au maximum la cam\u00e9ra et les capteurs.<\/p>\n","protected":false},"excerpt":{"rendered":"<p>Compatible DJI Mavic Air 2<br \/>\nProt\u00e8ge votre drone lors des phases d&rsquo;atterrissage<br \/>\nInstallation simple et rapide  Mat\u00e9riaux r\u00e9sistants<\/p>\n","protected":false},"featured_media":114,"template":"","meta":{"content-type":"","rop_custom_images_group":[],"rop_custom_messages_group":[],"rop_publish_now":"initial","rop_publish_now_accounts":[],"rop_publish_now_history":[],"rop_publish_now_status":"pending"},"product_brand":[],"product_cat":[16,58],"product_tag":[],"class_list":{"0":"post-2154","1":"product","2":"type-product","3":"status-publish","4":"has-post-thumbnail","6":"product_cat-dji-mavic","7":"product_cat-mavic-air-2","9":"first","10":"instock","11":"purchasable","12":"product-type-simple"},"jetpack-related-posts":[{"id":2155,"url":"https:\/\/store.droneway.ma\/index.php\/produit\/kit-trains-datterrissage-et-leds-pour-dji-mavic-air-2-pgytech\/","url_meta":{"origin":2154,"position":0},"title":"Kit trains d&rsquo;atterrissage et LEDs pour DJI Mavic Air 2 &#8211; PGYTECH","author":"admin","date":"21 novembre 2020","format":false,"excerpt":"Compatible DJI Mavic Air 2 Prot\u00e8ge votre drone lors des phases d'atterrissage LEDs avec 4 niveaux d'\u00e9clairage et orientables Installation simple et rapide Mat\u00e9riaux r\u00e9sistants","rel":"","context":"Article similaire","block_context":{"text":"Article similaire","link":""},"img":{"alt_text":"Kit trains d'atterrissage et LEDs pour DJI Mavic Air 2 - PGYTECH","src":"https:\/\/i0.wp.com\/store.droneway.ma\/wp-content\/uploads\/2020\/11\/pgytech-16a-landing-gear-extensions-led-headlamp-set-en-attente-infos-p-image-217741-grande.jpg?resize=350%2C200&ssl=1","width":350,"height":200,"srcset":"https:\/\/i0.wp.com\/store.droneway.ma\/wp-content\/uploads\/2020\/11\/pgytech-16a-landing-gear-extensions-led-headlamp-set-en-attente-infos-p-image-217741-grande.jpg?resize=350%2C200&ssl=1 1x, https:\/\/i0.wp.com\/store.droneway.ma\/wp-content\/uploads\/2020\/11\/pgytech-16a-landing-gear-extensions-led-headlamp-set-en-attente-infos-p-image-217741-grande.jpg?resize=525%2C300&ssl=1 1.5x"},"classes":[]},{"id":2230,"url":"https:\/\/store.droneway.ma\/index.php\/produit\/train-datterrissage-avec-led-dji-mavic-2-pgytech\/","url_meta":{"origin":2154,"position":1},"title":"Train d&rsquo;atterrissage avec LED DJI Mavic 2 &#8211; PGYTECH","author":"admin","date":"21 novembre 2020","format":false,"excerpt":"Train d\u2019atterrissage et LED int\u00e9gr\u00e9 Position des LED ajustable","rel":"","context":"Article similaire","block_context":{"text":"Article similaire","link":""},"img":{"alt_text":"Train d'atterrissage avec LED DJI Mavic 2 - PGYTECH","src":"https:\/\/i0.wp.com\/store.droneway.ma\/wp-content\/uploads\/2020\/11\/Train-datterrissage-avec-LED-DJI-Mavic-2-PGYTECH.jpg?resize=350%2C200&ssl=1","width":350,"height":200,"srcset":"https:\/\/i0.wp.com\/store.droneway.ma\/wp-content\/uploads\/2020\/11\/Train-datterrissage-avec-LED-DJI-Mavic-2-PGYTECH.jpg?resize=350%2C200&ssl=1 1x, https:\/\/i0.wp.com\/store.droneway.ma\/wp-content\/uploads\/2020\/11\/Train-datterrissage-avec-LED-DJI-Mavic-2-PGYTECH.jpg?resize=525%2C300&ssl=1 1.5x, https:\/\/i0.wp.com\/store.droneway.ma\/wp-content\/uploads\/2020\/11\/Train-datterrissage-avec-LED-DJI-Mavic-2-PGYTECH.jpg?resize=700%2C400&ssl=1 2x"},"classes":[]},{"id":2153,"url":"https:\/\/store.droneway.ma\/index.php\/produit\/porte-helices-pour-dji-mavic-air-2-pgytech\/","url_meta":{"origin":2154,"position":2},"title":"Porte h\u00e9lices pour DJI Mavic Air 2 &#8211; PGYTECH","author":"admin","date":"21 novembre 2020","format":false,"excerpt":"Optimise le transport et prot\u00e8ge les h\u00e9lices Porte-h\u00e9lice sp\u00e9cialement con\u00e7u pour DJI Mavic Air 2 Assemblage et d\u00e9sassemblage rapide & facile","rel":"","context":"Article similaire","block_context":{"text":"Article similaire","link":""},"img":{"alt_text":"Porte h\u00e9lices pour DJI Mavic Air 2 - PGYTECH","src":"https:\/\/i0.wp.com\/store.droneway.ma\/wp-content\/uploads\/2020\/11\/pgytech-16a-propeller-holder-en-attente-infos-p-image-217722-grande.jpg?resize=350%2C200&ssl=1","width":350,"height":200,"srcset":"https:\/\/i0.wp.com\/store.droneway.ma\/wp-content\/uploads\/2020\/11\/pgytech-16a-propeller-holder-en-attente-infos-p-image-217722-grande.jpg?resize=350%2C200&ssl=1 1x, https:\/\/i0.wp.com\/store.droneway.ma\/wp-content\/uploads\/2020\/11\/pgytech-16a-propeller-holder-en-attente-infos-p-image-217722-grande.jpg?resize=525%2C300&ssl=1 1.5x, https:\/\/i0.wp.com\/store.droneway.ma\/wp-content\/uploads\/2020\/11\/pgytech-16a-propeller-holder-en-attente-infos-p-image-217722-grande.jpg?resize=700%2C400&ssl=1 2x"},"classes":[]},{"id":2235,"url":"https:\/\/store.droneway.ma\/index.php\/produit\/support-helices-pour-dji-mavic-2-pgytech\/","url_meta":{"origin":2154,"position":3},"title":"Support h\u00e9lices pour DJI Mavic 2 &#8211; PGYTECH","author":"admin","date":"21 novembre 2020","format":false,"excerpt":"S\u00e9curise votre drone\u00a0 Pr\u00e9serve les h\u00e9lices\u00a0 Finition haut de gamme\u00a0 Installation simpliste","rel":"","context":"Article similaire","block_context":{"text":"Article similaire","link":""},"img":{"alt_text":"Support h\u00e9lices pour DJI Mavic 2 - PGYTECH","src":"https:\/\/i0.wp.com\/store.droneway.ma\/wp-content\/uploads\/2020\/11\/Support-helices-pour-DJI-Mavic-2-PGYTECH-1.jpg?resize=350%2C200&ssl=1","width":350,"height":200,"srcset":"https:\/\/i0.wp.com\/store.droneway.ma\/wp-content\/uploads\/2020\/11\/Support-helices-pour-DJI-Mavic-2-PGYTECH-1.jpg?resize=350%2C200&ssl=1 1x, https:\/\/i0.wp.com\/store.droneway.ma\/wp-content\/uploads\/2020\/11\/Support-helices-pour-DJI-Mavic-2-PGYTECH-1.jpg?resize=525%2C300&ssl=1 1.5x, https:\/\/i0.wp.com\/store.droneway.ma\/wp-content\/uploads\/2020\/11\/Support-helices-pour-DJI-Mavic-2-PGYTECH-1.jpg?resize=700%2C400&ssl=1 2x"},"classes":[]},{"id":2273,"url":"https:\/\/store.droneway.ma\/index.php\/produit\/protections-dhelices-pour-dji-mavic-2-pgytech\/","url_meta":{"origin":2154,"position":4},"title":"Protections d&rsquo;h\u00e9lices pour DJI Mavic 2 &#8211; PGYTECH","author":"admin","date":"21 novembre 2020","format":false,"excerpt":"Compatible DJI Mavic 2 Pro, Zoom et Enterprise\u00a0 A clipser\u00a0 Finition ABS","rel":"","context":"Article similaire","block_context":{"text":"Article similaire","link":""},"img":{"alt_text":"Protections d'h\u00e9lices pour DJI Mavic 2 - PGYTECH","src":"https:\/\/i0.wp.com\/store.droneway.ma\/wp-content\/uploads\/2020\/11\/Protections-dhelices-pour-DJI-Mavic-2-PGYTECH.jpg?resize=350%2C200&ssl=1","width":350,"height":200,"srcset":"https:\/\/i0.wp.com\/store.droneway.ma\/wp-content\/uploads\/2020\/11\/Protections-dhelices-pour-DJI-Mavic-2-PGYTECH.jpg?resize=350%2C200&ssl=1 1x, https:\/\/i0.wp.com\/store.droneway.ma\/wp-content\/uploads\/2020\/11\/Protections-dhelices-pour-DJI-Mavic-2-PGYTECH.jpg?resize=525%2C300&ssl=1 1.5x"},"classes":[]},{"id":2161,"url":"https:\/\/store.droneway.ma\/index.php\/produit\/batterie-intelligente-pour-dji-mavic-air-2\/","url_meta":{"origin":2154,"position":5},"title":"Batterie Intelligente pour DJI Mavic Air 2","author":"admin","date":"21 novembre 2020","format":false,"excerpt":"Batterie lithium-ion \u00e0 haute \u00e9nergie Jusqu'\u00e0 34 minutes de vol\u00a0 Protection intelligente","rel":"","context":"Article similaire","block_context":{"text":"Article similaire","link":""},"img":{"alt_text":"Batterie Intelligente pour DJI Mavic Air 2","src":"https:\/\/i0.wp.com\/store.droneway.ma\/wp-content\/uploads\/2020\/11\/batterie-intelligente-pour-dji-mavic-air-2-p-image-217454-grande.jpg?resize=350%2C200&ssl=1","width":350,"height":200,"srcset":"https:\/\/i0.wp.com\/store.droneway.ma\/wp-content\/uploads\/2020\/11\/batterie-intelligente-pour-dji-mavic-air-2-p-image-217454-grande.jpg?resize=350%2C200&ssl=1 1x, https:\/\/i0.wp.com\/store.droneway.ma\/wp-content\/uploads\/2020\/11\/batterie-intelligente-pour-dji-mavic-air-2-p-image-217454-grande.jpg?resize=525%2C300&ssl=1 1.5x, https:\/\/i0.wp.com\/store.droneway.ma\/wp-content\/uploads\/2020\/11\/batterie-intelligente-pour-dji-mavic-air-2-p-image-217454-grande.jpg?resize=700%2C400&ssl=1 2x"},"classes":[]}],"jetpack_sharing_enabled":true,"_links":{"self":[{"href":"https:\/\/store.droneway.ma\/index.php\/wp-json\/wp\/v2\/product\/2154","targetHints":{"allow":["GET"]}}],"collection":[{"href":"https:\/\/store.droneway.ma\/index.php\/wp-json\/wp\/v2\/product"}],"about":[{"href":"https:\/\/store.droneway.ma\/index.php\/wp-json\/wp\/v2\/types\/product"}],"wp:featuredmedia":[{"embeddable":true,"href":"https:\/\/store.droneway.ma\/index.php\/wp-json\/wp\/v2\/media\/114"}],"wp:attachment":[{"href":"https:\/\/store.droneway.ma\/index.php\/wp-json\/wp\/v2\/media?parent=2154"}],"wp:term":[{"taxonomy":"product_brand","embeddable":true,"href":"https:\/\/store.droneway.ma\/index.php\/wp-json\/wp\/v2\/product_brand?post=2154"},{"taxonomy":"product_cat","embeddable":true,"href":"https:\/\/store.droneway.ma\/index.php\/wp-json\/wp\/v2\/product_cat?post=2154"},{"taxonomy":"product_tag","embeddable":true,"href":"https:\/\/store.droneway.ma\/index.php\/wp-json\/wp\/v2\/product_tag?post=2154"}],"curies":[{"name":"wp","href":"https:\/\/api.w.org\/{rel}","templated":true}]}}