{"id":2108,"date":"2020-11-21T19:01:29","date_gmt":"2020-11-21T18:01:29","guid":{"rendered":"http:\/\/store.droneway.ma\/index.php\/produit\/connecteur-de-nacelle-superieur-dji-pour-matrice-210-v2\/"},"modified":"2020-11-21T19:01:43","modified_gmt":"2020-11-21T18:01:43","slug":"connecteur-de-nacelle-superieur-dji-pour-matrice-210-v2","status":"publish","type":"product","link":"https:\/\/store.droneway.ma\/index.php\/produit\/connecteur-de-nacelle-superieur-dji-pour-matrice-210-v2\/","title":{"rendered":"Connecteur de nacelle sup\u00e9rieur DJI pour Matrice 210 V2"},"content":{"rendered":"<p>Cet accessoire permet de connecter toute nacelle compatible au-dessus des drones DJI M210 V2 et M210 RTK V2.  Une telle configuration vous offrira une perspective a\u00e9rienne compl\u00e8tement unique.<\/p>\n","protected":false},"excerpt":{"rendered":"<p>Connecteur pour fixer une nacelle en position haute  Pour Matrice 210 RTK V2  Dampers int\u00e9gr\u00e9s<\/p>\n","protected":false},"featured_media":533,"template":"","meta":{"content-type":"","rop_custom_images_group":[],"rop_custom_messages_group":[],"rop_publish_now":"initial","rop_publish_now_accounts":[],"rop_publish_now_history":[],"rop_publish_now_status":"pending"},"product_brand":[],"product_cat":[18,31],"product_tag":[],"class_list":{"0":"post-2108","1":"product","2":"type-product","3":"status-publish","4":"has-post-thumbnail","6":"product_cat-dji-matrice","7":"product_cat-matrice-200","9":"first","10":"instock","11":"purchasable","12":"product-type-simple"},"jetpack-related-posts":[{"id":2100,"url":"https:\/\/store.droneway.ma\/index.php\/produit\/dji-matrice-210-rtk-v2-et-station-gnss\/","url_meta":{"origin":2108,"position":0},"title":"DJI Matrice 210 RTK V2 et station GNSS","author":"admin","date":"21 novembre 2020","format":false,"excerpt":"Le drone DJI Matrice s\u00e9rie 200 Con\u00e7u pour durer: Des moteurs haute performance associ\u00e9s \u00e0 des h\u00e9lices de 17 pouces assurent un vol stable par vent fort. Le nouveau syst\u00e8me d'alimentation \u00e0 double batterie chauffe automatiquement les batteries lors du vol \u00e0 des temp\u00e9ratures inf\u00e9rieures \u00e0 z\u00e9ro, tandis qu'une conception\u2026","rel":"","context":"Article similaire","block_context":{"text":"Article similaire","link":""},"img":{"alt_text":"DJI Matrice 210 RTK V2 et station GNSS","src":"https:\/\/i0.wp.com\/store.droneway.ma\/wp-content\/uploads\/2020\/11\/dji-matrice-210-rtk-v2-et-station-mobile-gnss-de-haute-precision-p-image-206250-grande.jpg?resize=350%2C200&ssl=1","width":350,"height":200,"srcset":"https:\/\/i0.wp.com\/store.droneway.ma\/wp-content\/uploads\/2020\/11\/dji-matrice-210-rtk-v2-et-station-mobile-gnss-de-haute-precision-p-image-206250-grande.jpg?resize=350%2C200&ssl=1 1x, https:\/\/i0.wp.com\/store.droneway.ma\/wp-content\/uploads\/2020\/11\/dji-matrice-210-rtk-v2-et-station-mobile-gnss-de-haute-precision-p-image-206250-grande.jpg?resize=525%2C300&ssl=1 1.5x, https:\/\/i0.wp.com\/store.droneway.ma\/wp-content\/uploads\/2020\/11\/dji-matrice-210-rtk-v2-et-station-mobile-gnss-de-haute-precision-p-image-206250-grande.jpg?resize=700%2C400&ssl=1 2x"},"classes":[]},{"id":2098,"url":"https:\/\/store.droneway.ma\/index.php\/produit\/dji-matrice-210-v2\/","url_meta":{"origin":2108,"position":1},"title":"DJI Matrice 210 V2","author":"admin","date":"21 novembre 2020","format":false,"excerpt":"Le drone DJI Matrice s\u00e9rie 200 Con\u00e7u pour durer: Des moteurs haute performance associ\u00e9s \u00e0 des h\u00e9lices de 17 pouces assurent un vol stable par vent fort. Le nouveau syst\u00e8me d'alimentation \u00e0 double batterie chauffe automatiquement les batteries lors du vol \u00e0 des temp\u00e9ratures inf\u00e9rieures \u00e0 z\u00e9ro, tandis qu'une conception\u2026","rel":"","context":"Article similaire","block_context":{"text":"Article similaire","link":""},"img":{"alt_text":"DJI Matrice 210 V2","src":"https:\/\/i0.wp.com\/store.droneway.ma\/wp-content\/uploads\/2020\/11\/dji-matrice-210-v2-p-image-206573-grande.jpg?resize=350%2C200&ssl=1","width":350,"height":200,"srcset":"https:\/\/i0.wp.com\/store.droneway.ma\/wp-content\/uploads\/2020\/11\/dji-matrice-210-v2-p-image-206573-grande.jpg?resize=350%2C200&ssl=1 1x, https:\/\/i0.wp.com\/store.droneway.ma\/wp-content\/uploads\/2020\/11\/dji-matrice-210-v2-p-image-206573-grande.jpg?resize=525%2C300&ssl=1 1.5x, https:\/\/i0.wp.com\/store.droneway.ma\/wp-content\/uploads\/2020\/11\/dji-matrice-210-v2-p-image-206573-grande.jpg?resize=700%2C400&ssl=1 2x"},"classes":[]},{"id":2132,"url":"https:\/\/store.droneway.ma\/index.php\/produit\/connecteur-de-nacelle-superieur-pour-dji-matrice-300-rtk\/","url_meta":{"origin":2108,"position":2},"title":"Connecteur de nacelle sup\u00e9rieur pour DJI Matrice 300 RTK","author":"admin","date":"21 novembre 2020","format":false,"excerpt":"Cet accessoire permet de connecter une nacelle compatible sur le dessus du drone Matrice 300 RTK. Vous pourrez y connecter les nacelles de la s\u00e9rie Zenmuse H20 mais \u00e9galement la XT2, Z30 et XT S.","rel":"","context":"Article similaire","block_context":{"text":"Article similaire","link":""},"img":{"alt_text":"Connecteur de nacelle sup\u00e9rieur pour DJI Matrice 300 RTK","src":"https:\/\/i0.wp.com\/store.droneway.ma\/wp-content\/uploads\/2020\/11\/connecteur-de-nacelle-superieur-pour-dji-matrice-300-rtk-p-image-217665-grande.jpg?resize=350%2C200&ssl=1","width":350,"height":200,"srcset":"https:\/\/i0.wp.com\/store.droneway.ma\/wp-content\/uploads\/2020\/11\/connecteur-de-nacelle-superieur-pour-dji-matrice-300-rtk-p-image-217665-grande.jpg?resize=350%2C200&ssl=1 1x, https:\/\/i0.wp.com\/store.droneway.ma\/wp-content\/uploads\/2020\/11\/connecteur-de-nacelle-superieur-pour-dji-matrice-300-rtk-p-image-217665-grande.jpg?resize=525%2C300&ssl=1 1.5x, https:\/\/i0.wp.com\/store.droneway.ma\/wp-content\/uploads\/2020\/11\/connecteur-de-nacelle-superieur-pour-dji-matrice-300-rtk-p-image-217665-grande.jpg?resize=700%2C400&ssl=1 2x"},"classes":[]},{"id":2131,"url":"https:\/\/store.droneway.ma\/index.php\/produit\/connecteur-double-de-nacelle-inferieur-pour-dji-matrice-300-rtk\/","url_meta":{"origin":2108,"position":3},"title":"Connecteur double de nacelle inf\u00e9rieur pour DJI Matrice 300 RTK","author":"admin","date":"21 novembre 2020","format":false,"excerpt":"Cet accessoire permet de connecter deux nacelles compatibles en dessous du drone Matrice 300 RTK. Vous pourrez y connecter les nacelles de la s\u00e9rie Zenmuse H20 mais \u00e9galement la XT2, Z30 et XT S.","rel":"","context":"Article similaire","block_context":{"text":"Article similaire","link":""},"img":{"alt_text":"Connecteur double de nacelle inf\u00e9rieur pour DJI Matrice 300 RTK","src":"https:\/\/i0.wp.com\/store.droneway.ma\/wp-content\/uploads\/2020\/11\/connecteur-double-de-nacelle-inferieur-pour-dji-matrice-300-rtk-p-image-217668-grande.jpg?resize=350%2C200&ssl=1","width":350,"height":200,"srcset":"https:\/\/i0.wp.com\/store.droneway.ma\/wp-content\/uploads\/2020\/11\/connecteur-double-de-nacelle-inferieur-pour-dji-matrice-300-rtk-p-image-217668-grande.jpg?resize=350%2C200&ssl=1 1x, https:\/\/i0.wp.com\/store.droneway.ma\/wp-content\/uploads\/2020\/11\/connecteur-double-de-nacelle-inferieur-pour-dji-matrice-300-rtk-p-image-217668-grande.jpg?resize=525%2C300&ssl=1 1.5x, https:\/\/i0.wp.com\/store.droneway.ma\/wp-content\/uploads\/2020\/11\/connecteur-double-de-nacelle-inferieur-pour-dji-matrice-300-rtk-p-image-217668-grande.jpg?resize=700%2C400&ssl=1 2x"},"classes":[]},{"id":2110,"url":"https:\/\/store.droneway.ma\/index.php\/produit\/support-dji-pour-manifold-2-et-matrice-200-series\/","url_meta":{"origin":2108,"position":4},"title":"Support DJI pour Manifold 2 et Matrice 200 series","author":"admin","date":"21 novembre 2020","format":false,"excerpt":"Support pour montage DJI Manifold 2 Compatible M210, M210V2 et RTK Installation ais\u00e9e : passage des c\u00e2bles","rel":"","context":"Article similaire","block_context":{"text":"Article similaire","link":""},"img":{"alt_text":"Support DJI pour Manifold 2 et Matrice 200 series","src":"https:\/\/i0.wp.com\/store.droneway.ma\/wp-content\/uploads\/2020\/11\/support-dji-pour-manifold-2-et-matrice-200-series-p-image-209486-grande.jpg?resize=350%2C200&ssl=1","width":350,"height":200},"classes":[]},{"id":2116,"url":"https:\/\/store.droneway.ma\/index.php\/produit\/megaphone-mp130-cytop\/","url_meta":{"origin":2108,"position":5},"title":"M\u00e9gaphone MP130 &#8211; Cytop","author":"admin","date":"21 novembre 2020","format":false,"excerpt":"M\u00e9gaphone pour les professionnels Compatible DJI M300RTK et M200 V1 & V2 Diffusion de messages en direct Jusqu'\u00e0 130 dB","rel":"","context":"Article similaire","block_context":{"text":"Article similaire","link":""},"img":{"alt_text":"M\u00e9gaphone MP130 - Cytop","src":"https:\/\/i0.wp.com\/store.droneway.ma\/wp-content\/uploads\/2020\/11\/megaphone-mp130-cytop-p-image-219954-grande.jpg?resize=350%2C200&ssl=1","width":350,"height":200,"srcset":"https:\/\/i0.wp.com\/store.droneway.ma\/wp-content\/uploads\/2020\/11\/megaphone-mp130-cytop-p-image-219954-grande.jpg?resize=350%2C200&ssl=1 1x, https:\/\/i0.wp.com\/store.droneway.ma\/wp-content\/uploads\/2020\/11\/megaphone-mp130-cytop-p-image-219954-grande.jpg?resize=525%2C300&ssl=1 1.5x, https:\/\/i0.wp.com\/store.droneway.ma\/wp-content\/uploads\/2020\/11\/megaphone-mp130-cytop-p-image-219954-grande.jpg?resize=700%2C400&ssl=1 2x"},"classes":[]}],"jetpack_sharing_enabled":true,"_links":{"self":[{"href":"https:\/\/store.droneway.ma\/index.php\/wp-json\/wp\/v2\/product\/2108","targetHints":{"allow":["GET"]}}],"collection":[{"href":"https:\/\/store.droneway.ma\/index.php\/wp-json\/wp\/v2\/product"}],"about":[{"href":"https:\/\/store.droneway.ma\/index.php\/wp-json\/wp\/v2\/types\/product"}],"wp:featuredmedia":[{"embeddable":true,"href":"https:\/\/store.droneway.ma\/index.php\/wp-json\/wp\/v2\/media\/533"}],"wp:attachment":[{"href":"https:\/\/store.droneway.ma\/index.php\/wp-json\/wp\/v2\/media?parent=2108"}],"wp:term":[{"taxonomy":"product_brand","embeddable":true,"href":"https:\/\/store.droneway.ma\/index.php\/wp-json\/wp\/v2\/product_brand?post=2108"},{"taxonomy":"product_cat","embeddable":true,"href":"https:\/\/store.droneway.ma\/index.php\/wp-json\/wp\/v2\/product_cat?post=2108"},{"taxonomy":"product_tag","embeddable":true,"href":"https:\/\/store.droneway.ma\/index.php\/wp-json\/wp\/v2\/product_tag?post=2108"}],"curies":[{"name":"wp","href":"https:\/\/api.w.org\/{rel}","templated":true}]}}