{"id":2061,"date":"2020-11-21T19:00:42","date_gmt":"2020-11-21T18:00:42","guid":{"rendered":"http:\/\/store.droneway.ma\/index.php\/produit\/dji-fpv-fly-more-combo\/"},"modified":"2020-11-21T19:00:53","modified_gmt":"2020-11-21T18:00:53","slug":"dji-fpv-fly-more-combo","status":"publish","type":"product","link":"https:\/\/store.droneway.ma\/index.php\/produit\/dji-fpv-fly-more-combo\/","title":{"rendered":"DJI FPV &#8211; Fly More Combo"},"content":{"rendered":"<p>DJI se lance \u00e0 l&rsquo;assaut du drone de course avec son nouveau syst\u00e8me num\u00e9rique : DJI FPV ! Apr\u00e8s un premier essai avec les DJI Goggles RE, le DJI FPV est l&rsquo;aboutissement d&rsquo;ann\u00e9es de recherche dans la transmission vid\u00e9o num\u00e9rique.\u00a0Le DJI FPV Fly More Combo promet de tr\u00e8s belles performances qui s\u00e9duiront la communaut\u00e9 FPV : faible latence vid\u00e9o de 28ms, port\u00e9e d&rsquo;un km et plus, retour vid\u00e9o HD \u00e0 720p \/ 120 im\/s, communication de la radio avec le module a\u00e9rien en 7 ms et enregistrement 1080p \/ 60 im\/s sur la cam\u00e9ra !\u00a0La transmission HD \u00e0 faible latence s&rsquo;appuie sur le syst\u00e8me DJI HDL FPV qui consiste en une communication bidirectionnelle permettant de stabiliser la connexion des signaux. Il permet un signal fluide et sans coupures m\u00eame dans les environnements complexes.<br \/>\nToute la puissante de DJI FPV repose sur l&rsquo;unit\u00e9 a\u00e9rienne DJI FPV qui fait office de r\u00e9cepteur radio pour le pilotage avec la radiocommande ainsi qu&rsquo;un \u00e9metteur vid\u00e9o qui transmet le flux vid\u00e9o dans le casque FPV.<\/p>\n<p>Le DJI FPV Fly More Combo se compose de tous les \u00e9l\u00e9ments n\u00e9cessaires pour \u00e9quiper votre drone racer pour l&rsquo;immersion : l&rsquo;unit\u00e9 a\u00e9rienne\u00a0et sa cam\u00e9ra \u00e0 monter sur le drone, une radiocommande et un casque FPV pour le retour vid\u00e9o. Il est disponible selon deux versions : mode 1 ou mode 2. Le mode 2 est le mode de pilotage le plus r\u00e9pandu : les gaz sont \u00e0 gauche. Le mode 1 les place \u00e0 droite.<\/p>\n","protected":false},"excerpt":{"rendered":"<p>L&rsquo;unit\u00e9 a\u00e9rienne DJI FPV compos\u00e9 du module et d&rsquo;une cam\u00e9ra FPV HD<br \/>\nUn casque d&rsquo;immersion DJI FPV confortable<br \/>\nUne radiocommande DJI FPV pour le pilotage du drone<\/p>\n","protected":false},"featured_media":439,"template":"","meta":{"content-type":"","rop_custom_images_group":[],"rop_custom_messages_group":[],"rop_publish_now":"initial","rop_publish_now_accounts":[],"rop_publish_now_history":[],"rop_publish_now_status":"pending"},"product_brand":[],"product_cat":[20,57],"product_tag":[],"class_list":{"0":"post-2061","1":"product","2":"type-product","3":"status-publish","4":"has-post-thumbnail","6":"product_cat-goggle-fpv","7":"product_cat-fpv","9":"first","10":"instock","11":"purchasable","12":"product-type-simple"},"jetpack-related-posts":[{"id":2064,"url":"https:\/\/store.droneway.ma\/index.php\/produit\/dji-fpv-basic-combo\/","url_meta":{"origin":2061,"position":0},"title":"DJI FPV &#8211; Basic combo","author":"admin","date":"21 novembre 2020","format":false,"excerpt":"Combo cam\u00e9ra DJI FPV","rel":"","context":"Article similaire","block_context":{"text":"Article similaire","link":""},"img":{"alt_text":"DJI FPV - Basic combo","src":"https:\/\/i0.wp.com\/store.droneway.ma\/wp-content\/uploads\/2020\/11\/dji-fpv-basic-combo-p-image-211406-grande.jpg?resize=350%2C200&ssl=1","width":350,"height":200,"srcset":"https:\/\/i0.wp.com\/store.droneway.ma\/wp-content\/uploads\/2020\/11\/dji-fpv-basic-combo-p-image-211406-grande.jpg?resize=350%2C200&ssl=1 1x, https:\/\/i0.wp.com\/store.droneway.ma\/wp-content\/uploads\/2020\/11\/dji-fpv-basic-combo-p-image-211406-grande.jpg?resize=525%2C300&ssl=1 1.5x, https:\/\/i0.wp.com\/store.droneway.ma\/wp-content\/uploads\/2020\/11\/dji-fpv-basic-combo-p-image-211406-grande.jpg?resize=700%2C400&ssl=1 2x"},"classes":[]},{"id":2058,"url":"https:\/\/store.droneway.ma\/index.php\/produit\/cable-3-en-1-pour-unite-aerienne-dji-fpv\/","url_meta":{"origin":2061,"position":1},"title":"C\u00e2ble 3 en 1 pour unit\u00e9 a\u00e9rienne DJI FPV","author":"admin","date":"21 novembre 2020","format":false,"excerpt":"C\u00e2bme 3 en 1","rel":"","context":"Article similaire","block_context":{"text":"Article similaire","link":""},"img":{"alt_text":"C\u00e2ble 3 en 1 pour unit\u00e9 a\u00e9rienne DJI FPV","src":"https:\/\/i0.wp.com\/store.droneway.ma\/wp-content\/uploads\/2020\/11\/cable-3-en-1-pour-unite-aerienne-dji-fpv-p-image-211371-grande.jpg?resize=350%2C200&ssl=1","width":350,"height":200},"classes":[]},{"id":2060,"url":"https:\/\/store.droneway.ma\/index.php\/produit\/casque-dji-fpv\/","url_meta":{"origin":2061,"position":2},"title":"Casque DJI FPV","author":"admin","date":"21 novembre 2020","format":false,"excerpt":"Casque DJI FPV pour vos configurations analogiques gr\u00e2ce \u00e0 ce kit iFlight","rel":"","context":"Article similaire","block_context":{"text":"Article similaire","link":""},"img":{"alt_text":"Casque DJI FPV","src":"https:\/\/i0.wp.com\/store.droneway.ma\/wp-content\/uploads\/2020\/11\/casque-dji-fpv-p-image-211276-grande.jpg?resize=350%2C200&ssl=1","width":350,"height":200,"srcset":"https:\/\/i0.wp.com\/store.droneway.ma\/wp-content\/uploads\/2020\/11\/casque-dji-fpv-p-image-211276-grande.jpg?resize=350%2C200&ssl=1 1x, https:\/\/i0.wp.com\/store.droneway.ma\/wp-content\/uploads\/2020\/11\/casque-dji-fpv-p-image-211276-grande.jpg?resize=525%2C300&ssl=1 1.5x, https:\/\/i0.wp.com\/store.droneway.ma\/wp-content\/uploads\/2020\/11\/casque-dji-fpv-p-image-211276-grande.jpg?resize=700%2C400&ssl=1 2x"},"classes":[]},{"id":2063,"url":"https:\/\/store.droneway.ma\/index.php\/produit\/camera-dji-fpv\/","url_meta":{"origin":2061,"position":3},"title":"Cam\u00e9ra DJI FPV","author":"admin","date":"21 novembre 2020","format":false,"excerpt":"Cam\u00e9ra DJI FPV","rel":"","context":"Article similaire","block_context":{"text":"Article similaire","link":""},"img":{"alt_text":"Cam\u00e9ra DJI FPV","src":"https:\/\/i0.wp.com\/store.droneway.ma\/wp-content\/uploads\/2020\/11\/camera-dji-fpv-p-image-211348-grande.jpg?resize=350%2C200&ssl=1","width":350,"height":200,"srcset":"https:\/\/i0.wp.com\/store.droneway.ma\/wp-content\/uploads\/2020\/11\/camera-dji-fpv-p-image-211348-grande.jpg?resize=350%2C200&ssl=1 1x, https:\/\/i0.wp.com\/store.droneway.ma\/wp-content\/uploads\/2020\/11\/camera-dji-fpv-p-image-211348-grande.jpg?resize=525%2C300&ssl=1 1.5x"},"classes":[]},{"id":2057,"url":"https:\/\/store.droneway.ma\/index.php\/produit\/kit-de-conversion-analogique-iflight-pour-dji-fpv\/","url_meta":{"origin":2061,"position":4},"title":"Kit de conversion analogique iFlight pour DJI FPV","author":"admin","date":"21 novembre 2020","format":false,"excerpt":"Casque DJI FPV pour vos configurations analogiques gr\u00e2ce \u00e0 ce kit iFlight","rel":"","context":"Article similaire","block_context":{"text":"Article similaire","link":""},"img":{"alt_text":"Kit de conversion analogique iFlight pour DJI FPV","src":"https:\/\/i0.wp.com\/store.droneway.ma\/wp-content\/uploads\/2020\/11\/kit-de-conversion-analogique-iflight-pour-dji-fpv-p-image-217396-grande.jpg?resize=350%2C200&ssl=1","width":350,"height":200,"srcset":"https:\/\/i0.wp.com\/store.droneway.ma\/wp-content\/uploads\/2020\/11\/kit-de-conversion-analogique-iflight-pour-dji-fpv-p-image-217396-grande.jpg?resize=350%2C200&ssl=1 1x, https:\/\/i0.wp.com\/store.droneway.ma\/wp-content\/uploads\/2020\/11\/kit-de-conversion-analogique-iflight-pour-dji-fpv-p-image-217396-grande.jpg?resize=525%2C300&ssl=1 1.5x, https:\/\/i0.wp.com\/store.droneway.ma\/wp-content\/uploads\/2020\/11\/kit-de-conversion-analogique-iflight-pour-dji-fpv-p-image-217396-grande.jpg?resize=700%2C400&ssl=1 2x"},"classes":[]},{"id":2065,"url":"https:\/\/store.droneway.ma\/index.php\/produit\/dji-goggles-racing-edition\/","url_meta":{"origin":2061,"position":5},"title":"DJI Goggles Racing Edition","author":"admin","date":"21 novembre 2020","format":false,"excerpt":"R\u00e9solution d'affichage 3840 x 1080 pixels Optimis\u00e9 pour les drones racer (FPV) Compatible syst\u00e8me de transmission OcuSync Compatible Mavic, Spark, Inspire, Phantom 4...","rel":"","context":"Article similaire","block_context":{"text":"Article similaire","link":""},"img":{"alt_text":"DJI Goggles Racing Edition","src":"https:\/\/i0.wp.com\/store.droneway.ma\/wp-content\/uploads\/2020\/11\/dji-goggles-re-p-image-193061-grande.jpg?resize=350%2C200&ssl=1","width":350,"height":200,"srcset":"https:\/\/i0.wp.com\/store.droneway.ma\/wp-content\/uploads\/2020\/11\/dji-goggles-re-p-image-193061-grande.jpg?resize=350%2C200&ssl=1 1x, https:\/\/i0.wp.com\/store.droneway.ma\/wp-content\/uploads\/2020\/11\/dji-goggles-re-p-image-193061-grande.jpg?resize=525%2C300&ssl=1 1.5x"},"classes":[]}],"jetpack_sharing_enabled":true,"_links":{"self":[{"href":"https:\/\/store.droneway.ma\/index.php\/wp-json\/wp\/v2\/product\/2061","targetHints":{"allow":["GET"]}}],"collection":[{"href":"https:\/\/store.droneway.ma\/index.php\/wp-json\/wp\/v2\/product"}],"about":[{"href":"https:\/\/store.droneway.ma\/index.php\/wp-json\/wp\/v2\/types\/product"}],"wp:featuredmedia":[{"embeddable":true,"href":"https:\/\/store.droneway.ma\/index.php\/wp-json\/wp\/v2\/media\/439"}],"wp:attachment":[{"href":"https:\/\/store.droneway.ma\/index.php\/wp-json\/wp\/v2\/media?parent=2061"}],"wp:term":[{"taxonomy":"product_brand","embeddable":true,"href":"https:\/\/store.droneway.ma\/index.php\/wp-json\/wp\/v2\/product_brand?post=2061"},{"taxonomy":"product_cat","embeddable":true,"href":"https:\/\/store.droneway.ma\/index.php\/wp-json\/wp\/v2\/product_cat?post=2061"},{"taxonomy":"product_tag","embeddable":true,"href":"https:\/\/store.droneway.ma\/index.php\/wp-json\/wp\/v2\/product_tag?post=2061"}],"curies":[{"name":"wp","href":"https:\/\/api.w.org\/{rel}","templated":true}]}}