{"id":3005,"date":"2024-08-22T01:55:28","date_gmt":"2024-08-21T23:55:28","guid":{"rendered":"https:\/\/store.droneway.ma\/index.php\/imprint\/"},"modified":"2024-08-22T01:55:28","modified_gmt":"2024-08-21T23:55:28","slug":"imprint","status":"publish","type":"page","link":"https:\/\/store.droneway.ma\/index.php\/imprint\/","title":{"rendered":"Imprint"},"content":{"rendered":"\n<!-- Legal document generated by Complianz | GDPR\/CCPA Cookie Consent https:\/\/wordpress.org\/plugins\/complianz-gdpr -->\n<div id=\"cmplz-document\" class=\"cmplz-document impressum cmplz-document-all\"><p><i>This imprint was last updated on 21 ao\u00fbt 2024.<\/i><\/p><p class=\"cmplz-subtitle\">The owner of this website is:<\/p><p>Soci\u00e9t\u00e9 BPros Sarl Sarl<br>22 All\u00e9e des Sauges, Casablanca 20250, Morocco<br>Morocco<br>Email:&nbsp;i&#110;fo&#064;d&#114;on&#101;&#119;&#097;&#121;&#046;&#109;&#097;<br>Phone number: +212 663-190620<br><\/p><p class=\"cmplz-subtitle\">The legal representative(s) of Soci\u00e9t\u00e9 BPros Sarl Sarl:<\/p><p>Soci\u00e9t\u00e9 BPros Sarl<\/p><h2>1. General<\/h2><p class=\"cmplz-subtitle\">1.1 We are registered at 40298417 under the license or registration number:<\/p><p><\/p><p class=\"cmplz-subtitle\">1.2 We display services or products on our website, which require registration with the following professional association:<\/p><p>Au Maroc, l'utilisation et la vente de drones sont r\u00e9glement\u00e9es par la Direction G\u00e9n\u00e9rale de l'Aviation Civile (DGAC), qui fait partie du Minist\u00e8re du Tourisme, du Transport A\u00e9rien, de l'Artisanat et de l'\u00c9conomie Sociale.<\/p><p>We are willing or obliged to participate in dispute resolution procedures before a consumer arbitration board.<\/p><h2>2. The following information is mandatory according to German law.<\/h2><p class=\"cmplz-subtitle\">2.1 Die Eigentumsanteile der Gesellschaft (Aktienkapital), die von ihr ausgegeben wurden:<\/p><p>300000<\/p><\/div>\n","protected":false},"excerpt":{"rendered":"","protected":false},"author":2,"featured_media":0,"parent":0,"menu_order":0,"comment_status":"closed","ping_status":"closed","template":"","meta":{"content-type":"","rop_custom_images_group":[],"rop_custom_messages_group":[],"rop_publish_now":"initial","rop_publish_now_accounts":[],"rop_publish_now_history":[],"rop_publish_now_status":"pending","footnotes":""},"class_list":["post-3005","page","type-page","status-publish","hentry"],"jetpack-related-posts":[{"id":3006,"url":"https:\/\/store.droneway.ma\/index.php\/avertissement\/","url_meta":{"origin":3005,"position":0},"title":"Avertissement","author":"Kend","date":"22 ao\u00fbt 2024","format":false,"excerpt":"","rel":"","context":"Article similaire","block_context":{"text":"Article similaire","link":""},"img":{"alt_text":"","src":"","width":0,"height":0},"classes":[]},{"id":3003,"url":"https:\/\/store.droneway.ma\/index.php\/cookie-policy-au\/","url_meta":{"origin":3005,"position":1},"title":"Cookie Policy (AU)","author":"Kend","date":"22 ao\u00fbt 2024","format":false,"excerpt":"","rel":"","context":"Article similaire","block_context":{"text":"Article similaire","link":""},"img":{"alt_text":"","src":"","width":0,"height":0},"classes":[]},{"id":3004,"url":"https:\/\/store.droneway.ma\/index.php\/declaration-de-confidentialite-au\/","url_meta":{"origin":3005,"position":2},"title":"D\u00e9claration de confidentialit\u00e9 (AU)","author":"Kend","date":"22 ao\u00fbt 2024","format":false,"excerpt":"","rel":"","context":"Article similaire","block_context":{"text":"Article similaire","link":""},"img":{"alt_text":"","src":"","width":0,"height":0},"classes":[]},{"id":2993,"url":"https:\/\/store.droneway.ma\/index.php\/politique-de-cookies-ue\/","url_meta":{"origin":3005,"position":3},"title":"Politique de cookies (UE)","author":"Kend","date":"22 ao\u00fbt 2024","format":false,"excerpt":"","rel":"","context":"Article similaire","block_context":{"text":"Article similaire","link":""},"img":{"alt_text":"","src":"","width":0,"height":0},"classes":[]},{"id":2994,"url":"https:\/\/store.droneway.ma\/index.php\/declaration-de-confidentialite-ue\/","url_meta":{"origin":3005,"position":4},"title":"D\u00e9claration de confidentialit\u00e9 (UE)","author":"Kend","date":"22 ao\u00fbt 2024","format":false,"excerpt":"","rel":"","context":"Article similaire","block_context":{"text":"Article similaire","link":""},"img":{"alt_text":"","src":"","width":0,"height":0},"classes":[]},{"id":2995,"url":"https:\/\/store.droneway.ma\/index.php\/politique-de-cookies-uk\/","url_meta":{"origin":3005,"position":5},"title":"Politique de cookies (UK)","author":"Kend","date":"22 ao\u00fbt 2024","format":false,"excerpt":"","rel":"","context":"Article similaire","block_context":{"text":"Article similaire","link":""},"img":{"alt_text":"","src":"","width":0,"height":0},"classes":[]}],"jetpack_sharing_enabled":true,"_links":{"self":[{"href":"https:\/\/store.droneway.ma\/index.php\/wp-json\/wp\/v2\/pages\/3005","targetHints":{"allow":["GET"]}}],"collection":[{"href":"https:\/\/store.droneway.ma\/index.php\/wp-json\/wp\/v2\/pages"}],"about":[{"href":"https:\/\/store.droneway.ma\/index.php\/wp-json\/wp\/v2\/types\/page"}],"author":[{"embeddable":true,"href":"https:\/\/store.droneway.ma\/index.php\/wp-json\/wp\/v2\/users\/2"}],"replies":[{"embeddable":true,"href":"https:\/\/store.droneway.ma\/index.php\/wp-json\/wp\/v2\/comments?post=3005"}],"version-history":[{"count":0,"href":"https:\/\/store.droneway.ma\/index.php\/wp-json\/wp\/v2\/pages\/3005\/revisions"}],"wp:attachment":[{"href":"https:\/\/store.droneway.ma\/index.php\/wp-json\/wp\/v2\/media?parent=3005"}],"curies":[{"name":"wp","href":"https:\/\/api.w.org\/{rel}","templated":true}]}}